Last updated on 2025-10-31 13:50:43 CET.
| Flavor | Version | Tinstall | Tcheck | Ttotal | Status | Flags | 
|---|---|---|---|---|---|---|
| r-devel-linux-x86_64-debian-clang | 0.1.0 | 20.89 | 349.41 | 370.30 | OK | |
| r-devel-linux-x86_64-debian-gcc | 0.1.0 | 16.55 | 202.25 | 218.80 | OK | |
| r-devel-linux-x86_64-fedora-clang | 0.1.0 | 55.00 | 540.90 | 595.90 | OK | |
| r-devel-linux-x86_64-fedora-gcc | 0.1.0 | 137.00 | 428.53 | 565.53 | OK | |
| r-devel-windows-x86_64 | 0.1.0 | 24.00 | 339.00 | 363.00 | OK | |
| r-patched-linux-x86_64 | 0.1.0 | 22.72 | 317.95 | 340.67 | OK | |
| r-release-linux-x86_64 | 0.1.0 | 18.97 | 319.26 | 338.23 | OK | |
| r-release-macos-arm64 | 0.1.0 | 12.00 | 125.00 | 137.00 | OK | |
| r-release-macos-x86_64 | 0.1.0 | 28.00 | 363.00 | 391.00 | OK | |
| r-release-windows-x86_64 | 0.1.0 | 26.00 | 322.00 | 348.00 | OK | |
| r-oldrel-macos-arm64 | 0.1.0 | 13.00 | 122.00 | 135.00 | NOTE | |
| r-oldrel-macos-x86_64 | 0.1.0 | 25.00 | 364.00 | 389.00 | NOTE | |
| r-oldrel-windows-x86_64 | 0.1.0 | 31.00 | 441.00 | 472.00 | OK | 
Version: 0.1.0
Check: installed package size
Result: NOTE
    installed size is  5.8Mb
    sub-directories of 1Mb or more:
      data   4.7Mb
Flavors: r-oldrel-macos-arm64, r-oldrel-macos-x86_64