Last updated on 2025-10-31 13:50:43 CET.
| Flavor | Version | Tinstall | Tcheck | Ttotal | Status | Flags | 
|---|---|---|---|---|---|---|
| r-devel-linux-x86_64-debian-clang | 0.1 | 1.40 | 17.46 | 18.86 | NOTE | |
| r-devel-linux-x86_64-debian-gcc | 0.1 | 1.35 | 14.65 | 16.00 | NOTE | |
| r-devel-linux-x86_64-fedora-clang | 0.1 | 28.46 | OK | |||
| r-devel-linux-x86_64-fedora-gcc | 0.1 | 28.38 | OK | |||
| r-devel-windows-x86_64 | 0.1 | 3.00 | 33.00 | 36.00 | OK | |
| r-patched-linux-x86_64 | 0.1 | 1.38 | 16.59 | 17.97 | OK | |
| r-release-linux-x86_64 | 0.1 | 1.42 | 16.40 | 17.82 | OK | |
| r-release-macos-arm64 | 0.1 | 1.00 | 13.00 | 14.00 | OK | |
| r-release-macos-x86_64 | 0.1 | 2.00 | 20.00 | 22.00 | OK | |
| r-release-windows-x86_64 | 0.1 | 3.00 | 34.00 | 37.00 | OK | |
| r-oldrel-macos-arm64 | 0.1 | 1.00 | 18.00 | 19.00 | OK | |
| r-oldrel-macos-x86_64 | 0.1 | 1.00 | 17.00 | 18.00 | OK | |
| r-oldrel-windows-x86_64 | 0.1 | 2.00 | 34.00 | 36.00 | OK | 
Version: 0.1
Check: CRAN incoming feasibility
Result: NOTE
  Maintainer: ‘Felipe Tumenas Marques <tumenas@gmail.com>’
  
  No Authors@R field in DESCRIPTION.
  Please add one, modifying
    Authors@R: c(person(given = "Monica",
                        family = "Serra",
                        role = "aut",
                        email = "monicaserra.bio04@gmail.com"),
                 person(given = c("Felipe", "Tumenas"),
                        family = "Marques",
                        role = c("aut", "cre"),
                        email = "tumenas@gmail.com"))
  as necessary.
Flavors: r-devel-linux-x86_64-debian-clang, r-devel-linux-x86_64-debian-gcc