Last updated on 2025-10-31 13:50:44 CET.
| Flavor | Version | Tinstall | Tcheck | Ttotal | Status | Flags | 
|---|---|---|---|---|---|---|
| r-devel-linux-x86_64-debian-clang | 1.0 | 1.52 | 18.65 | 20.17 | OK | |
| r-devel-linux-x86_64-debian-gcc | 1.0 | 1.29 | 15.19 | 16.48 | OK | |
| r-devel-linux-x86_64-fedora-clang | 1.0 | 29.51 | OK | |||
| r-devel-linux-x86_64-fedora-gcc | 1.0 | 28.27 | OK | |||
| r-devel-windows-x86_64 | 1.0 | 3.00 | 35.00 | 38.00 | OK | |
| r-patched-linux-x86_64 | 1.0 | 1.57 | 17.66 | 19.23 | OK | |
| r-release-linux-x86_64 | 1.0 | 1.56 | 17.43 | 18.99 | OK | |
| r-release-macos-arm64 | 1.0 | 1.00 | 13.00 | 14.00 | OK | |
| r-release-macos-x86_64 | 1.0 | 2.00 | 25.00 | 27.00 | OK | |
| r-release-windows-x86_64 | 1.0 | 2.00 | 37.00 | 39.00 | OK | |
| r-oldrel-macos-arm64 | 1.0 | 1.00 | 16.00 | 17.00 | NOTE | |
| r-oldrel-macos-x86_64 | 1.0 | 1.00 | 17.00 | 18.00 | NOTE | |
| r-oldrel-windows-x86_64 | 1.0 | 4.00 | 34.00 | 38.00 | NOTE | 
Version: 1.0
Check: LazyData
Result: NOTE
    'LazyData' is specified without a 'data' directory
Flavors: r-oldrel-macos-arm64, r-oldrel-macos-x86_64, r-oldrel-windows-x86_64