CRAN Package Check Results for Package BCEE

Last updated on 2025-11-27 13:48:31 CET.

Flavor Version Tinstall Tcheck Ttotal Status Flags
r-devel-linux-x86_64-debian-clang 1.3.2 31.34 74.50 105.84 NOTE
r-devel-linux-x86_64-debian-gcc 1.3.2 18.69 54.93 73.62 NOTE
r-devel-linux-x86_64-fedora-clang 1.3.2 50.00 121.22 171.22 OK
r-devel-linux-x86_64-fedora-gcc 1.3.2 127.00 38.98 165.98 OK
r-devel-windows-x86_64 1.3.2 40.00 99.00 139.00 OK
r-patched-linux-x86_64 1.3.2 28.86 70.54 99.40 OK
r-release-linux-x86_64 1.3.2 29.45 70.50 99.95 OK
r-release-macos-arm64 1.3.2 OK
r-release-macos-x86_64 1.3.2 26.00 67.00 93.00 OK
r-release-windows-x86_64 1.3.2 35.00 111.00 146.00 OK
r-oldrel-macos-arm64 1.3.2 OK
r-oldrel-macos-x86_64 1.3.2 19.00 62.00 81.00 OK
r-oldrel-windows-x86_64 1.3.2 43.00 126.00 169.00 OK

Check Details

Version: 1.3.2
Check: CRAN incoming feasibility
Result: NOTE Maintainer: ‘Denis Talbot <denis.talbot@fmed.ulaval.ca>’ No Authors@R field in DESCRIPTION. Please add one, modifying Authors@R: c(person(given = "Denis", family = "Talbot", role = c("aut", "cre"), email = "denis.talbot@fmed.ulaval.ca"), person(given = "Genevieve", family = "Lefebvre", role = "aut"), person(given = "Juli", family = "Atherton", role = "aut"), person(given = "Yohann", family = "Chiu.", role = "aut")) as necessary. Flavors: r-devel-linux-x86_64-debian-clang, r-devel-linux-x86_64-debian-gcc