Last updated on 2025-10-31 13:50:45 CET.
| Flavor | Version | Tinstall | Tcheck | Ttotal | Status | Flags | 
|---|---|---|---|---|---|---|
| r-devel-linux-x86_64-debian-clang | 1.6 | 2.97 | 23.38 | 26.35 | NOTE | |
| r-devel-linux-x86_64-debian-gcc | 1.6 | 2.23 | 18.53 | 20.76 | NOTE | |
| r-devel-linux-x86_64-fedora-clang | 1.6 | 38.13 | OK | |||
| r-devel-linux-x86_64-fedora-gcc | 1.6 | 36.66 | OK | |||
| r-devel-windows-x86_64 | 1.6 | 7.00 | 39.00 | 46.00 | OK | |
| r-patched-linux-x86_64 | 1.6 | 3.04 | 21.99 | 25.03 | OK | |
| r-release-linux-x86_64 | 1.6 | 2.53 | 22.11 | 24.64 | OK | |
| r-release-macos-arm64 | 1.6 | 3.00 | 15.00 | 18.00 | OK | |
| r-release-macos-x86_64 | 1.6 | 4.00 | 23.00 | 27.00 | OK | |
| r-release-windows-x86_64 | 1.6 | 5.00 | 41.00 | 46.00 | OK | |
| r-oldrel-macos-arm64 | 1.6 | 3.00 | 19.00 | 22.00 | OK | |
| r-oldrel-macos-x86_64 | 1.6 | 3.00 | 21.00 | 24.00 | OK | |
| r-oldrel-windows-x86_64 | 1.6 | 6.00 | 41.00 | 47.00 | OK | 
Version: 1.6
Check: CRAN incoming feasibility
Result: NOTE
  Maintainer: ‘Paulino Perez Rodriguez <perpdgo@colpos.mx>’
  
  No Authors@R field in DESCRIPTION.
  Please add one, modifying
    Authors@R: c(person(given = c("Gustavo", "de", "los"),
                        family = "Campos",
                        role = "aut"),
                 person(given = c("Paulino", "Perez"),
                        family = "Rodriguez,",
                        role = "aut"),
                 person(given = c("Paulino", "Perez"),
                        family = "Rodriguez",
                        role = "cre",
                        email = "perpdgo@colpos.mx"))
  as necessary.
Flavors: r-devel-linux-x86_64-debian-clang, r-devel-linux-x86_64-debian-gcc