Last updated on 2025-11-01 00:49:53 CET.
| Flavor | Version | Tinstall | Tcheck | Ttotal | Status | Flags |
|---|---|---|---|---|---|---|
| r-devel-linux-x86_64-debian-clang | 1.0.0 | 8.96 | 267.43 | 276.39 | OK | |
| r-devel-linux-x86_64-debian-gcc | 1.0.0 | 5.94 | 178.35 | 184.29 | OK | |
| r-devel-linux-x86_64-fedora-clang | 1.0.0 | 81.00 | 400.18 | 481.18 | OK | |
| r-devel-linux-x86_64-fedora-gcc | 1.0.0 | 38.00 | 449.57 | 487.57 | OK | |
| r-devel-windows-x86_64 | 1.0.0 | 10.00 | 234.00 | 244.00 | OK | |
| r-patched-linux-x86_64 | 1.0.0 | 10.54 | 251.00 | 261.54 | OK | |
| r-release-linux-x86_64 | 1.0.0 | 7.81 | 230.61 | 238.42 | OK | |
| r-release-macos-arm64 | 1.0.0 | 5.00 | 101.00 | 106.00 | OK | |
| r-release-macos-x86_64 | 1.0.0 | 7.00 | 261.00 | 268.00 | OK | |
| r-release-windows-x86_64 | 1.0.0 | 11.00 | 239.00 | 250.00 | OK | |
| r-oldrel-macos-arm64 | 1.0.0 | 4.00 | 59.00 | 63.00 | NOTE | |
| r-oldrel-macos-x86_64 | 1.0.0 | 6.00 | 228.00 | 234.00 | OK | |
| r-oldrel-windows-x86_64 | 1.0.0 | 14.00 | 320.00 | 334.00 | OK |
Version: 1.0.0
Check: package dependencies
Result: NOTE
Package suggested but not available for checking: ‘reactome.db’
Flavor: r-oldrel-macos-arm64