Last updated on 2025-10-31 13:50:44 CET.
| Flavor | Version | Tinstall | Tcheck | Ttotal | Status | Flags | 
|---|---|---|---|---|---|---|
| r-devel-linux-x86_64-debian-clang | 0.2.12 | 39.37 | 101.39 | 140.76 | OK | |
| r-devel-linux-x86_64-debian-gcc | 0.2.12 | 29.74 | 74.90 | 104.64 | OK | |
| r-devel-linux-x86_64-fedora-clang | 0.2.12 | 189.00 | 52.89 | 241.89 | OK | |
| r-devel-linux-x86_64-fedora-gcc | 0.2.12 | 119.00 | 139.14 | 258.14 | OK | |
| r-devel-windows-x86_64 | 0.2.12 | 43.00 | 123.00 | 166.00 | OK | |
| r-patched-linux-x86_64 | 0.2.12 | 43.99 | 97.67 | 141.66 | OK | |
| r-release-linux-x86_64 | 0.2.12 | 42.31 | 98.11 | 140.42 | OK | |
| r-release-macos-arm64 | 0.2.12 | 17.00 | 42.00 | 59.00 | OK | |
| r-release-macos-x86_64 | 0.2.12 | 34.00 | 90.00 | 124.00 | OK | |
| r-release-windows-x86_64 | 0.2.12 | 43.00 | 126.00 | 169.00 | OK | |
| r-oldrel-macos-arm64 | 0.2.12 | 17.00 | 47.00 | 64.00 | NOTE | |
| r-oldrel-macos-x86_64 | 0.2.12 | 40.00 | 94.00 | 134.00 | NOTE | |
| r-oldrel-windows-x86_64 | 0.2.12 | 52.00 | 158.00 | 210.00 | OK | 
Version: 0.2.12
Check: installed package size
Result: NOTE
    installed size is 13.1Mb
    sub-directories of 1Mb or more:
      libs  12.7Mb
Flavors: r-oldrel-macos-arm64, r-oldrel-macos-x86_64