CRAN Package Check Results for Package BayesPower

Last updated on 2025-10-31 13:50:44 CET.

Flavor Version Tinstall Tcheck Ttotal Status Flags
r-devel-linux-x86_64-debian-clang 1.0.1 38.60 87.44 126.04 OK
r-devel-linux-x86_64-debian-gcc 1.0.1 27.05 60.24 87.29 OK
r-devel-linux-x86_64-fedora-clang 1.0.1 47.00 115.27 162.27 OK
r-devel-linux-x86_64-fedora-gcc 1.0.1 68.00 141.73 209.73 OK
r-release-macos-arm64 1.0.1 16.00 33.00 49.00 OK
r-release-macos-x86_64 1.0.1 47.00 135.00 182.00 OK
r-oldrel-macos-arm64 1.0.1 16.00 38.00 54.00 NOTE
r-oldrel-macos-x86_64 1.0.1 59.00 162.00 221.00 NOTE

Check Details

Version: 1.0.1
Check: installed package size
Result: NOTE installed size is 5.2Mb sub-directories of 1Mb or more: R 3.0Mb libs 2.0Mb Flavors: r-oldrel-macos-arm64, r-oldrel-macos-x86_64