Last updated on 2025-10-31 13:50:44 CET.
| Flavor | Version | Tinstall | Tcheck | Ttotal | Status | Flags | 
|---|---|---|---|---|---|---|
| r-devel-linux-x86_64-debian-clang | 0.3-1.5 | 18.02 | 26.25 | 44.27 | NOTE | |
| r-devel-linux-x86_64-debian-gcc | 0.3-1.5 | 10.11 | 19.55 | 29.66 | NOTE | |
| r-devel-linux-x86_64-fedora-clang | 0.3-1.5 | 80.00 | 10.19 | 90.19 | NOTE | |
| r-devel-linux-x86_64-fedora-gcc | 0.3-1.5 | 64.00 | 4.18 | 68.18 | NOTE | |
| r-devel-windows-x86_64 | 0.3-1.5 | 24.00 | 56.00 | 80.00 | OK | |
| r-patched-linux-x86_64 | 0.3-1.5 | 15.72 | 25.09 | 40.81 | OK | |
| r-release-linux-x86_64 | 0.3-1.5 | 15.95 | 24.81 | 40.76 | OK | |
| r-release-macos-arm64 | 0.3-1.5 | 8.00 | 17.00 | 25.00 | OK | |
| r-release-macos-x86_64 | 0.3-1.5 | 9.00 | 31.00 | 40.00 | OK | |
| r-release-windows-x86_64 | 0.3-1.5 | 24.00 | 59.00 | 83.00 | OK | |
| r-oldrel-macos-arm64 | 0.3-1.5 | 7.00 | 22.00 | 29.00 | OK | |
| r-oldrel-macos-x86_64 | 0.3-1.5 | 7.00 | 23.00 | 30.00 | OK | |
| r-oldrel-windows-x86_64 | 0.3-1.5 | 26.00 | 76.00 | 102.00 | OK | 
Version: 0.3-1.5
Check: CRAN incoming feasibility
Result: NOTE
  Maintainer: ‘Robert McCulloch <robert.e.mcculloch@gmail.com>’
  
  No Authors@R field in DESCRIPTION.
  Please add one, modifying
    Authors@R: c(person(given = "Hugh",
                        family = "Chipman",
                        role = "aut",
                        email = "hugh.chipman@gmail.com"),
                 person(given = "Robert",
                        family = "McCulloch",
                        role = c("aut", "cre"),
                        email = "robert.e.mcculloch@gmail.com"))
  as necessary.
Flavors: r-devel-linux-x86_64-debian-clang, r-devel-linux-x86_64-debian-gcc
Version: 0.3-1.5
Check: compiled code
Result: NOTE
  File ‘BayesTree/libs/BayesTree.so’:
    Found no calls to: ‘R_registerRoutines’, ‘R_useDynamicSymbols’
  
  It is good practice to register native routines and to disable symbol
  search.
  
  See ‘Writing portable packages’ in the ‘Writing R Extensions’ manual.
Flavors: r-devel-linux-x86_64-fedora-clang, r-devel-linux-x86_64-fedora-gcc