CRAN Package Check Results for Package BayesTree

Last updated on 2025-07-08 13:49:04 CEST.

Flavor Version Tinstall Tcheck Ttotal Status Flags
r-devel-linux-x86_64-debian-clang 0.3-1.5 17.68 24.73 42.41 NOTE
r-devel-linux-x86_64-debian-gcc 0.3-1.5 11.40 19.54 30.94 NOTE
r-devel-linux-x86_64-fedora-clang 0.3-1.5 92.02 NOTE
r-devel-linux-x86_64-fedora-gcc 0.3-1.5 66.43 NOTE
r-devel-windows-x86_64 0.3-1.5 22.00 65.00 87.00 OK
r-patched-linux-x86_64 0.3-1.5 15.67 24.67 40.34 OK
r-release-linux-x86_64 0.3-1.5 14.97 24.19 39.16 OK
r-release-macos-arm64 0.3-1.5 25.00 OK
r-release-macos-x86_64 0.3-1.5 40.00 OK
r-release-windows-x86_64 0.3-1.5 23.00 66.00 89.00 OK
r-oldrel-macos-arm64 0.3-1.5 29.00 OK
r-oldrel-macos-x86_64 0.3-1.5 30.00 OK
r-oldrel-windows-x86_64 0.3-1.5 27.00 77.00 104.00 OK

Check Details

Version: 0.3-1.5
Check: CRAN incoming feasibility
Result: NOTE Maintainer: ‘Robert McCulloch <robert.e.mcculloch@gmail.com>’ No Authors@R field in DESCRIPTION. Please add one, modifying Authors@R: c(person(given = "Hugh", family = "Chipman", role = "aut", email = "hugh.chipman@gmail.com"), person(given = "Robert", family = "McCulloch", role = c("aut", "cre"), email = "robert.e.mcculloch@gmail.com")) as necessary. Flavors: r-devel-linux-x86_64-debian-clang, r-devel-linux-x86_64-debian-gcc

Version: 0.3-1.5
Check: compiled code
Result: NOTE File ‘BayesTree/libs/BayesTree.so’: Found no calls to: ‘R_registerRoutines’, ‘R_useDynamicSymbols’ It is good practice to register native routines and to disable symbol search. See ‘Writing portable packages’ in the ‘Writing R Extensions’ manual. Flavors: r-devel-linux-x86_64-fedora-clang, r-devel-linux-x86_64-fedora-gcc