Last updated on 2025-10-31 13:50:45 CET.
| Flavor | Version | Tinstall | Tcheck | Ttotal | Status | Flags | 
|---|---|---|---|---|---|---|
| r-devel-linux-x86_64-debian-clang | 3.7 | 10.15 | 119.81 | 129.96 | NOTE | |
| r-devel-linux-x86_64-debian-gcc | 3.7 | 8.68 | 89.99 | 98.67 | NOTE | |
| r-devel-linux-x86_64-fedora-clang | 3.7 | 22.00 | 176.89 | 198.89 | OK | |
| r-devel-linux-x86_64-fedora-gcc | 3.7 | 21.00 | 188.31 | 209.31 | OK | |
| r-devel-windows-x86_64 | 3.7 | 13.00 | 129.00 | 142.00 | OK | |
| r-patched-linux-x86_64 | 3.7 | 10.41 | 115.45 | 125.86 | OK | |
| r-release-linux-x86_64 | 3.7 | 9.35 | 114.89 | 124.24 | OK | |
| r-release-macos-arm64 | 3.7 | 5.00 | 75.00 | 80.00 | OK | |
| r-release-macos-x86_64 | 3.7 | 13.00 | 126.00 | 139.00 | OK | |
| r-release-windows-x86_64 | 3.7 | 13.00 | 136.00 | 149.00 | OK | |
| r-oldrel-macos-arm64 | 3.7 | 5.00 | 56.00 | 61.00 | OK | |
| r-oldrel-macos-x86_64 | 3.7 | 10.00 | 128.00 | 138.00 | OK | |
| r-oldrel-windows-x86_64 | 3.7 | 16.00 | 162.00 | 178.00 | OK | 
Version: 3.7
Check: CRAN incoming feasibility
Result: NOTE
  Maintainer: ‘Pierre Lefeuvre <pierre.lefeuvre@cirad.fr>’
  
  No Authors@R field in DESCRIPTION.
  Please add one, modifying
    Authors@R: person(given = "Pierre",
                      family = "Lefeuvre",
                      role = c("aut", "cre"),
                      email = "pierre.lefeuvre@cirad.fr")
  as necessary.
Flavors: r-devel-linux-x86_64-debian-clang, r-devel-linux-x86_64-debian-gcc