Last updated on 2025-10-31 13:50:45 CET.
| Flavor | Version | Tinstall | Tcheck | Ttotal | Status | Flags | 
|---|---|---|---|---|---|---|
| r-devel-linux-x86_64-debian-clang | 1.0.0 | 1.79 | 19.00 | 20.79 | OK | |
| r-devel-linux-x86_64-debian-gcc | 1.0.0 | 1.48 | 15.51 | 16.99 | OK | |
| r-devel-linux-x86_64-fedora-clang | 1.0.0 | 31.15 | OK | |||
| r-devel-linux-x86_64-fedora-gcc | 1.0.0 | 29.68 | OK | |||
| r-devel-windows-x86_64 | 1.0.0 | 4.00 | 35.00 | 39.00 | OK | |
| r-patched-linux-x86_64 | 1.0.0 | 2.09 | 17.98 | 20.07 | OK | |
| r-release-linux-x86_64 | 1.0.0 | 1.66 | 18.14 | 19.80 | OK | |
| r-release-macos-arm64 | 1.0.0 | 1.00 | 14.00 | 15.00 | OK | |
| r-release-macos-x86_64 | 1.0.0 | 2.00 | 21.00 | 23.00 | OK | |
| r-release-windows-x86_64 | 1.0.0 | 3.00 | 36.00 | 39.00 | OK | |
| r-oldrel-macos-arm64 | 1.0.0 | 1.00 | 19.00 | 20.00 | NOTE | |
| r-oldrel-macos-x86_64 | 1.0.0 | 2.00 | 17.00 | 19.00 | NOTE | |
| r-oldrel-windows-x86_64 | 1.0.0 | 4.00 | 36.00 | 40.00 | NOTE | 
Version: 1.0.0
Check: LazyData
Result: NOTE
    'LazyData' is specified without a 'data' directory
Flavors: r-oldrel-macos-arm64, r-oldrel-macos-x86_64, r-oldrel-windows-x86_64