CRAN Package Check Results for Package CDVineCopulaConditional

Last updated on 2025-07-03 00:50:48 CEST.

Flavor Version Tinstall Tcheck Ttotal Status Flags
r-devel-linux-x86_64-debian-clang 0.1.1 3.38 30.20 33.58 NOTE
r-devel-linux-x86_64-debian-gcc 0.1.1 2.61 23.51 26.12 NOTE
r-devel-linux-x86_64-fedora-clang 0.1.1 51.68 OK
r-devel-linux-x86_64-fedora-gcc 0.1.1 49.73 OK
r-devel-windows-x86_64 0.1.1 5.00 48.00 53.00 OK
r-patched-linux-x86_64 0.1.1 3.48 28.37 31.85 OK
r-release-linux-x86_64 0.1.1 3.19 28.16 31.35 OK
r-release-macos-arm64 0.1.1 23.00 OK
r-release-macos-x86_64 0.1.1 43.00 OK
r-release-windows-x86_64 0.1.1 5.00 51.00 56.00 OK
r-oldrel-macos-arm64 0.1.1 25.00 OK
r-oldrel-macos-x86_64 0.1.1 33.00 OK
r-oldrel-windows-x86_64 0.1.1 6.00 55.00 61.00 OK

Check Details

Version: 0.1.1
Check: CRAN incoming feasibility
Result: NOTE Maintainer: ‘Emanuele Bevacqua <emanuele.bevacqua@uni-graz.at>’ Package CITATION file contains call(s) to old-style personList() or as.personList(). Please use c() on person objects instead. Package CITATION file contains call(s) to old-style citEntry(). Please use bibentry() instead. Flavors: r-devel-linux-x86_64-debian-clang, r-devel-linux-x86_64-debian-gcc