Last updated on 2024-05-27 02:47:56 CEST.
Flavor | Version | Tinstall | Tcheck | Ttotal | Status | Flags |
---|---|---|---|---|---|---|
r-devel-linux-x86_64-debian-clang | 0.1.0 | 10.70 | 129.18 | 139.88 | OK | |
r-devel-linux-x86_64-debian-gcc | 0.1.0 | 7.39 | 97.29 | 104.68 | OK | |
r-devel-linux-x86_64-fedora-clang | 0.1.0 | 173.15 | NOTE | |||
r-devel-linux-x86_64-fedora-gcc | 0.1.0 | 177.38 | OK | |||
r-devel-windows-x86_64 | 0.1.0 | 8.00 | 101.00 | 109.00 | NOTE | |
r-patched-linux-x86_64 | 0.1.0 | 9.64 | 120.78 | 130.42 | OK | |
r-release-linux-x86_64 | 0.1.0 | 6.19 | 125.35 | 131.54 | OK | |
r-release-macos-arm64 | 0.1.0 | 46.00 | NOTE | |||
r-release-macos-x86_64 | 0.1.0 | 94.00 | NOTE | |||
r-release-windows-x86_64 | 0.1.0 | 9.00 | 105.00 | 114.00 | NOTE | |
r-oldrel-macos-arm64 | 0.1.0 | 57.00 | NOTE | |||
r-oldrel-macos-x86_64 | 0.1.0 | 57.00 | NOTE | |||
r-oldrel-windows-x86_64 | 0.1.0 | 11.00 | 126.00 | 137.00 | NOTE |
Version: 0.1.0
Check: installed package size
Result: NOTE
installed size is 8.0Mb
sub-directories of 1Mb or more:
doc 5.7Mb
extdata 2.1Mb
Flavors: r-devel-linux-x86_64-fedora-clang, r-devel-windows-x86_64, r-release-macos-arm64, r-release-macos-x86_64, r-release-windows-x86_64, r-oldrel-macos-arm64, r-oldrel-macos-x86_64, r-oldrel-windows-x86_64
Version: 0.1.0
Check: package dependencies
Result: NOTE
Packages suggested but not available for checking: 'clustree', 'Seurat'
Flavor: r-oldrel-macos-x86_64
Version: 0.1.0
Check: re-building of vignette outputs
Result: NOTE
Note: skipping ‘CIARA.Rmd’ due to unavailable dependencies: 'Seurat'
Flavor: r-oldrel-macos-x86_64