Last updated on 2025-10-31 13:50:46 CET.
| Flavor | Version | Tinstall | Tcheck | Ttotal | Status | Flags | 
|---|---|---|---|---|---|---|
| r-devel-linux-x86_64-debian-clang | 0.0.4 | 1.85 | 21.17 | 23.02 | NOTE | |
| r-devel-linux-x86_64-debian-gcc | 0.0.4 | 1.48 | 17.05 | 18.53 | NOTE | |
| r-devel-linux-x86_64-fedora-clang | 0.0.4 | 34.70 | OK | |||
| r-devel-linux-x86_64-fedora-gcc | 0.0.4 | 33.20 | OK | |||
| r-devel-windows-x86_64 | 0.0.4 | 4.00 | 39.00 | 43.00 | OK | |
| r-patched-linux-x86_64 | 0.0.4 | 1.86 | 20.15 | 22.01 | OK | |
| r-release-linux-x86_64 | 0.0.4 | 1.53 | 20.07 | 21.60 | OK | |
| r-release-macos-arm64 | 0.0.4 | 1.00 | 15.00 | 16.00 | OK | |
| r-release-macos-x86_64 | 0.0.4 | 3.00 | 25.00 | 28.00 | OK | |
| r-release-windows-x86_64 | 0.0.4 | 4.00 | 41.00 | 45.00 | OK | |
| r-oldrel-macos-arm64 | 0.0.4 | 1.00 | 19.00 | 20.00 | OK | |
| r-oldrel-macos-x86_64 | 0.0.4 | 2.00 | 22.00 | 24.00 | OK | |
| r-oldrel-windows-x86_64 | 0.0.4 | 3.00 | 46.00 | 49.00 | OK | 
Version: 0.0.4
Check: CRAN incoming feasibility
Result: NOTE
  Maintainer: ‘Minghui Wang <m.h.wang@live.com>’
  
  No Authors@R field in DESCRIPTION.
  Please add one, modifying
    Authors@R: c(person(given = "Minghui",
                        family = "Wang",
                        role = c("aut", "cre"),
                        email = "m.h.wang@live.com"),
                 person(given = "Yiyuan",
                        family = "Liu",
                        role = "aut"),
                 person(given = "Shizhong",
                        family = "Han",
                        role = "aut"))
  as necessary.
Flavors: r-devel-linux-x86_64-debian-clang, r-devel-linux-x86_64-debian-gcc