Last updated on 2024-05-28 12:56:12 CEST.
Flavor | Version | Tinstall | Tcheck | Ttotal | Status | Flags |
---|---|---|---|---|---|---|
r-devel-linux-x86_64-debian-clang | 1.57.3 | 85.63 | 58.56 | 144.19 | NOTE | |
r-devel-linux-x86_64-debian-gcc | 1.57.3 | 59.43 | 42.47 | 101.90 | NOTE | |
r-devel-linux-x86_64-fedora-clang | 1.57.3 | 155.58 | NOTE | |||
r-devel-linux-x86_64-fedora-gcc | 1.57.3 | 192.50 | NOTE | |||
r-devel-windows-x86_64 | 1.57.3 | 90.00 | 89.00 | 179.00 | NOTE | |
r-patched-linux-x86_64 | 1.57.3 | 74.17 | 55.85 | 130.02 | NOTE | |
r-release-linux-x86_64 | 1.57.3 | 72.03 | 55.50 | 127.53 | NOTE | |
r-release-macos-arm64 | 1.57.3 | 42.00 | NOTE | |||
r-release-windows-x86_64 | 1.57.3 | 82.00 | 84.00 | 166.00 | NOTE | |
r-oldrel-macos-arm64 | 1.57.3 | 51.00 | OK | |||
r-oldrel-macos-x86_64 | 1.57.3 | 79.00 | OK | |||
r-oldrel-windows-x86_64 | 1.57.3 | 80.00 | 94.00 | 174.00 | OK |
Version: 1.57.3
Check: Rd files
Result: NOTE
checkRd: (-1) cvGen.Rd:29: Lost braces
29 | The function code{gatherFromList} returns a list with components containing elements of the same name.
| ^
Flavors: r-devel-linux-x86_64-debian-clang, r-devel-linux-x86_64-debian-gcc, r-devel-linux-x86_64-fedora-clang, r-devel-linux-x86_64-fedora-gcc, r-devel-windows-x86_64, r-patched-linux-x86_64, r-release-linux-x86_64, r-release-macos-arm64, r-release-windows-x86_64