Last updated on 2025-10-31 13:50:47 CET.
| Flavor | Version | Tinstall | Tcheck | Ttotal | Status | Flags | 
|---|---|---|---|---|---|---|
| r-devel-linux-x86_64-debian-clang | 0.1.2 | 2.98 | 28.03 | 31.01 | NOTE | |
| r-devel-linux-x86_64-debian-gcc | 0.1.2 | 1.91 | 21.99 | 23.90 | NOTE | |
| r-devel-linux-x86_64-fedora-clang | 0.1.2 | 46.21 | OK | |||
| r-devel-linux-x86_64-fedora-gcc | 0.1.2 | 43.93 | OK | |||
| r-devel-windows-x86_64 | 0.1.2 | 4.00 | 44.00 | 48.00 | OK | |
| r-patched-linux-x86_64 | 0.1.2 | 2.46 | 26.81 | 29.27 | OK | |
| r-release-linux-x86_64 | 0.1.2 | 2.64 | 26.59 | 29.23 | OK | |
| r-release-macos-arm64 | 0.1.2 | 2.00 | 17.00 | 19.00 | OK | |
| r-release-macos-x86_64 | 0.1.2 | 2.00 | 26.00 | 28.00 | OK | |
| r-release-windows-x86_64 | 0.1.2 | 5.00 | 46.00 | 51.00 | OK | |
| r-oldrel-macos-arm64 | 0.1.2 | 2.00 | 16.00 | 18.00 | NOTE | |
| r-oldrel-macos-x86_64 | 0.1.2 | 2.00 | 24.00 | 26.00 | NOTE | |
| r-oldrel-windows-x86_64 | 0.1.2 | 5.00 | 51.00 | 56.00 | NOTE | 
Version: 0.1.2
Check: CRAN incoming feasibility
Result: NOTE
  Maintainer: ‘Anantha Janakiraman <anantharaman.j@gmail.com>’
  
  No Authors@R field in DESCRIPTION.
  Please add one, modifying
    Authors@R: person(given = "Anantha",
                      family = "Janakiraman",
                      role = c("aut", "cre"),
                      email = "anantharaman.j@gmail.com")
  as necessary.
Flavors: r-devel-linux-x86_64-debian-clang, r-devel-linux-x86_64-debian-gcc
Version: 0.1.2
Check: LazyData
Result: NOTE
    'LazyData' is specified without a 'data' directory
Flavors: r-oldrel-macos-arm64, r-oldrel-macos-x86_64, r-oldrel-windows-x86_64