Last updated on 2025-10-31 13:50:47 CET.
| Flavor | Version | Tinstall | Tcheck | Ttotal | Status | Flags | 
|---|---|---|---|---|---|---|
| r-devel-linux-x86_64-debian-clang | 2.0 | 2.40 | 21.01 | 23.41 | NOTE | |
| r-devel-linux-x86_64-debian-gcc | 2.0 | 1.77 | 17.08 | 18.85 | NOTE | |
| r-devel-linux-x86_64-fedora-clang | 2.0 | 35.27 | OK | |||
| r-devel-linux-x86_64-fedora-gcc | 2.0 | 32.98 | OK | |||
| r-devel-windows-x86_64 | 2.0 | 3.00 | 35.00 | 38.00 | OK | |
| r-patched-linux-x86_64 | 2.0 | 1.78 | 20.12 | 21.90 | OK | |
| r-release-linux-x86_64 | 2.0 | 2.06 | 19.99 | 22.05 | OK | |
| r-release-macos-arm64 | 2.0 | 1.00 | 13.00 | 14.00 | OK | |
| r-release-macos-x86_64 | 2.0 | 2.00 | 22.00 | 24.00 | OK | |
| r-release-windows-x86_64 | 2.0 | 3.00 | 37.00 | 40.00 | OK | |
| r-oldrel-macos-arm64 | 2.0 | 1.00 | 13.00 | 14.00 | OK | |
| r-oldrel-macos-x86_64 | 2.0 | 2.00 | 19.00 | 21.00 | OK | |
| r-oldrel-windows-x86_64 | 2.0 | 3.00 | 36.00 | 39.00 | OK | 
Version: 2.0
Check: CRAN incoming feasibility
Result: NOTE
  Maintainer: ‘Shuo Li <skyli@bu.edu>’
  
  No Authors@R field in DESCRIPTION.
  Please add one, modifying
    Authors@R: c(person(given = "Shuo",
                        family = "Li",
                        role = c("aut", "cre"),
                        email = "skyli@bu.edu"),
                 person(given = "Xuan",
                        family = "Liu",
                        role = "aut",
                        email = "liuxuan@bu.edu"),
                 person(given = "Qiong",
                        family = "Yang",
                        role = "aut",
                        email = "qyang@bu.edu"))
  as necessary.
Flavors: r-devel-linux-x86_64-debian-clang, r-devel-linux-x86_64-debian-gcc