Last updated on 2025-07-08 13:49:05 CEST.
Flavor | Version | Tinstall | Tcheck | Ttotal | Status | Flags |
---|---|---|---|---|---|---|
r-devel-linux-x86_64-debian-clang | 3.0.0 | 11.23 | 25.51 | 36.74 | NOTE | |
r-devel-linux-x86_64-debian-gcc | 3.0.0 | 8.38 | 20.84 | 29.22 | NOTE | |
r-devel-linux-x86_64-fedora-clang | 3.0.0 | 65.15 | OK | |||
r-devel-linux-x86_64-fedora-gcc | 3.0.0 | 61.75 | OK | |||
r-devel-windows-x86_64 | 3.0.0 | 14.00 | 63.00 | 77.00 | OK | |
r-patched-linux-x86_64 | 3.0.0 | 12.00 | 24.48 | 36.48 | OK | |
r-release-linux-x86_64 | 3.0.0 | 10.78 | 24.22 | 35.00 | OK | |
r-release-macos-arm64 | 3.0.0 | 25.00 | OK | |||
r-release-macos-x86_64 | 3.0.0 | 34.00 | OK | |||
r-release-windows-x86_64 | 3.0.0 | 14.00 | 65.00 | 79.00 | OK | |
r-oldrel-macos-arm64 | 3.0.0 | 27.00 | OK | |||
r-oldrel-macos-x86_64 | 3.0.0 | 32.00 | OK | |||
r-oldrel-windows-x86_64 | 3.0.0 | 16.00 | 75.00 | 91.00 | OK |
Version: 3.0.0
Check: CRAN incoming feasibility
Result: NOTE
Maintainer: ‘Stéphane Laurent <laurent_step@outlook.fr>’
No Authors@R field in DESCRIPTION.
Please add one, modifying
Authors@R: person(given = "Stéphane",
family = "Laurent",
role = c("aut", "cre"),
email = "laurent_step@outlook.fr")
as necessary.
Flavors: r-devel-linux-x86_64-debian-clang, r-devel-linux-x86_64-debian-gcc