Last updated on 2025-10-31 13:50:46 CET.
| Flavor | Version | Tinstall | Tcheck | Ttotal | Status | Flags | 
|---|---|---|---|---|---|---|
| r-devel-linux-x86_64-debian-clang | 2.1-3 | 2.30 | 25.49 | 27.79 | NOTE | |
| r-devel-linux-x86_64-debian-gcc | 2.1-3 | 1.77 | 20.72 | 22.49 | NOTE | |
| r-devel-linux-x86_64-fedora-clang | 2.1-3 | 21.00 | 23.56 | 44.56 | OK | |
| r-devel-linux-x86_64-fedora-gcc | 2.1-3 | 39.93 | OK | |||
| r-devel-windows-x86_64 | 2.1-3 | 4.00 | 46.00 | 50.00 | OK | |
| r-patched-linux-x86_64 | 2.1-3 | 2.59 | 24.04 | 26.63 | OK | |
| r-release-linux-x86_64 | 2.1-3 | 2.32 | 24.25 | 26.57 | OK | |
| r-release-macos-arm64 | 2.1-3 | 1.00 | 19.00 | 20.00 | OK | |
| r-release-macos-x86_64 | 2.1-3 | 2.00 | 28.00 | 30.00 | OK | |
| r-release-windows-x86_64 | 2.1-3 | 3.00 | 47.00 | 50.00 | OK | |
| r-oldrel-macos-arm64 | 2.1-3 | 1.00 | 22.00 | 23.00 | OK | |
| r-oldrel-macos-x86_64 | 2.1-3 | 2.00 | 27.00 | 29.00 | OK | |
| r-oldrel-windows-x86_64 | 2.1-3 | 3.00 | 46.00 | 49.00 | OK | 
Version: 2.1-3
Check: CRAN incoming feasibility
Result: NOTE
  Maintainer: ‘Jonathan M. Lees<jonathan.lees@unc.edu>’
  
  No Authors@R field in DESCRIPTION.
  Please add one, modifying
    Authors@R: person(given = c("Jonathan", "M."),
                      family = "Lees",
                      role = c("aut", "cre"),
                      email = "jonathan.lees@unc.edu")
  as necessary.
Flavors: r-devel-linux-x86_64-debian-clang, r-devel-linux-x86_64-debian-gcc