Last updated on 2025-11-14 00:50:42 CET.
| Flavor | Version | Tinstall | Tcheck | Ttotal | Status | Flags |
|---|---|---|---|---|---|---|
| r-devel-linux-x86_64-debian-clang | 1.0.4 | 6.49 | 92.54 | 99.03 | OK | |
| r-devel-linux-x86_64-debian-gcc | 1.0.4 | 4.90 | 65.47 | 70.37 | OK | |
| r-devel-linux-x86_64-fedora-clang | 1.0.4 | 146.00 | 21.38 | 167.38 | OK | |
| r-devel-linux-x86_64-fedora-gcc | 1.0.4 | 27.00 | 136.58 | 163.58 | OK | |
| r-devel-windows-x86_64 | 1.0.4 | 9.00 | 104.00 | 113.00 | OK | |
| r-patched-linux-x86_64 | 1.0.4 | 7.77 | 87.93 | 95.70 | OK | |
| r-release-linux-x86_64 | 1.0.4 | 7.31 | 87.62 | 94.93 | OK | |
| r-release-macos-arm64 | 1.0.4 | 4.00 | 53.00 | 57.00 | OK | |
| r-release-macos-x86_64 | 1.0.4 | 7.00 | 96.00 | 103.00 | OK | |
| r-release-windows-x86_64 | 1.0.4 | 10.00 | 106.00 | 116.00 | OK | |
| r-oldrel-macos-arm64 | 1.0.4 | 4.00 | 48.00 | 52.00 | NOTE | |
| r-oldrel-macos-x86_64 | 1.0.4 | 6.00 | 75.00 | 81.00 | NOTE | |
| r-oldrel-windows-x86_64 | 1.0.4 | 12.00 | 131.00 | 143.00 | NOTE |
Version: 1.0.4
Check: LazyData
Result: NOTE
'LazyData' is specified without a 'data' directory
Flavors: r-oldrel-macos-arm64, r-oldrel-macos-x86_64, r-oldrel-windows-x86_64