Last updated on 2025-07-08 13:49:06 CEST.
Flavor | Version | Tinstall | Tcheck | Ttotal | Status | Flags |
---|---|---|---|---|---|---|
r-devel-linux-x86_64-debian-clang | 0.1.2 | 13.97 | 140.15 | 154.12 | OK | |
r-devel-linux-x86_64-debian-gcc | 0.1.2 | 10.58 | 103.52 | 114.10 | OK | |
r-devel-linux-x86_64-fedora-clang | 0.1.2 | 232.58 | NOTE | |||
r-devel-linux-x86_64-fedora-gcc | 0.1.2 | 230.28 | NOTE | |||
r-devel-windows-x86_64 | 0.1.2 | 16.00 | 132.00 | 148.00 | OK | |
r-patched-linux-x86_64 | 0.1.2 | 13.71 | 132.27 | 145.98 | OK | |
r-release-linux-x86_64 | 0.1.2 | 13.92 | 131.84 | 145.76 | OK | |
r-release-macos-arm64 | 0.1.2 | 72.00 | OK | |||
r-release-macos-x86_64 | 0.1.2 | 135.00 | OK | |||
r-release-windows-x86_64 | 0.1.2 | 18.00 | 141.00 | 159.00 | OK | |
r-oldrel-macos-arm64 | 0.1.2 | 69.00 | OK | |||
r-oldrel-macos-x86_64 | 0.1.2 | 99.00 | OK | |||
r-oldrel-windows-x86_64 | 0.1.2 | 21.00 | 182.00 | 203.00 | OK |
Version: 0.1.2
Check: dependencies in R code
Result: NOTE
Namespaces in Imports field not imported from:
‘kernlab’ ‘purrr’ ‘survminer’ ‘tidyverse’
All declared Imports should be used.
Flavors: r-devel-linux-x86_64-fedora-clang, r-devel-linux-x86_64-fedora-gcc