Last updated on 2025-10-31 13:50:46 CET.
| Flavor | Version | Tinstall | Tcheck | Ttotal | Status | Flags | 
|---|---|---|---|---|---|---|
| r-devel-linux-x86_64-debian-clang | 1.0.0 | 12.34 | 84.58 | 96.92 | NOTE | |
| r-devel-linux-x86_64-debian-gcc | 1.0.0 | 7.53 | 62.94 | 70.47 | NOTE | |
| r-devel-linux-x86_64-fedora-clang | 1.0.0 | 101.00 | 61.91 | 162.91 | NOTE | |
| r-devel-linux-x86_64-fedora-gcc | 1.0.0 | 22.00 | 117.10 | 139.10 | NOTE | |
| r-devel-windows-x86_64 | 1.0.0 | 12.00 | 90.00 | 102.00 | NOTE | |
| r-patched-linux-x86_64 | 1.0.0 | 8.91 | 81.52 | 90.43 | NOTE | |
| r-release-linux-x86_64 | 1.0.0 | 9.63 | 81.60 | 91.23 | NOTE | |
| r-release-macos-arm64 | 1.0.0 | 6.00 | 41.00 | 47.00 | NOTE | |
| r-release-macos-x86_64 | 1.0.0 | 15.00 | 77.00 | 92.00 | NOTE | |
| r-release-windows-x86_64 | 1.0.0 | 12.00 | 91.00 | 103.00 | NOTE | |
| r-oldrel-macos-arm64 | 1.0.0 | 4.00 | 35.00 | 39.00 | NOTE | |
| r-oldrel-macos-x86_64 | 1.0.0 | 7.00 | 49.00 | 56.00 | NOTE | |
| r-oldrel-windows-x86_64 | 1.0.0 | 15.00 | 111.00 | 126.00 | NOTE | 
Version: 1.0.0
Check: CRAN incoming feasibility
Result: NOTE
  Maintainer: ‘Fuyuan David Li <LFY@gwmail.gwu.edu>’
  
  No Authors@R field in DESCRIPTION.
  Please add one, modifying
    Authors@R: person(given = c("Fuyuan", "David"),
                      family = "Li",
                      role = c("aut", "cre"),
                      email = "lfy@gwmail.gwu.edu")
  as necessary.
Flavors: r-devel-linux-x86_64-debian-clang, r-devel-linux-x86_64-debian-gcc
Version: 1.0.0
Check: Rd files
Result: NOTE
  checkRd: (-1) condQestCopC.Rd:45: Lost braces; missing escapes or markup?
      45 | obtain the conditional qth quantile of Y_{n+1} given {Y1,...,Yn}.
         |                                          ^
  checkRd: (-1) condQestCopC.Rd:45: Lost braces; missing escapes or markup?
      45 | obtain the conditional qth quantile of Y_{n+1} given {Y1,...,Yn}.
         |                                                      ^
  checkRd: (-1) condQestCopC.Rd:40: Lost braces; missing escapes or markup?
      40 | \code{condQestCopC} returns the conditional tao-th quantile of Y_{n+1} given {Y1,...,Yn}
         |                                                                  ^
  checkRd: (-1) condQestCopC.Rd:40: Lost braces; missing escapes or markup?
      40 | \code{condQestCopC} returns the conditional tao-th quantile of Y_{n+1} given {Y1,...,Yn}
         |                                                                              ^
Flavors: r-devel-linux-x86_64-debian-clang, r-devel-linux-x86_64-debian-gcc, r-devel-linux-x86_64-fedora-clang, r-devel-linux-x86_64-fedora-gcc, r-devel-windows-x86_64, r-patched-linux-x86_64, r-release-linux-x86_64, r-release-macos-arm64, r-release-macos-x86_64, r-release-windows-x86_64, r-oldrel-macos-arm64, r-oldrel-macos-x86_64, r-oldrel-windows-x86_64