Last updated on 2025-10-31 13:50:46 CET.
| Flavor | Version | Tinstall | Tcheck | Ttotal | Status | Flags | 
|---|---|---|---|---|---|---|
| r-devel-linux-x86_64-debian-clang | 1.0.0 | 1.99 | 20.02 | 22.01 | NOTE | |
| r-devel-linux-x86_64-debian-gcc | 1.0.0 | 1.64 | 16.61 | 18.25 | NOTE | |
| r-devel-linux-x86_64-fedora-clang | 1.0.0 | 21.00 | 14.39 | 35.39 | OK | |
| r-devel-linux-x86_64-fedora-gcc | 1.0.0 | 30.34 | OK | |||
| r-devel-windows-x86_64 | 1.0.0 | 4.00 | 36.00 | 40.00 | OK | |
| r-patched-linux-x86_64 | 1.0.0 | 2.24 | 18.62 | 20.86 | OK | |
| r-release-linux-x86_64 | 1.0.0 | 1.91 | 19.10 | 21.01 | OK | |
| r-release-macos-arm64 | 1.0.0 | 1.00 | 13.00 | 14.00 | OK | |
| r-release-macos-x86_64 | 1.0.0 | 2.00 | 24.00 | 26.00 | OK | |
| r-release-windows-x86_64 | 1.0.0 | 3.00 | 43.00 | 46.00 | OK | |
| r-oldrel-macos-arm64 | 1.0.0 | 1.00 | 17.00 | 18.00 | NOTE | |
| r-oldrel-macos-x86_64 | 1.0.0 | 2.00 | 20.00 | 22.00 | NOTE | |
| r-oldrel-windows-x86_64 | 1.0.0 | 4.00 | 36.00 | 40.00 | NOTE | 
Version: 1.0.0
Check: CRAN incoming feasibility
Result: NOTE
  Maintainer: ‘Shuang Song <song-s19@mails.tsinghua.edu.cn>’
  
  No Authors@R field in DESCRIPTION.
  Please add one, modifying
    Authors@R: c(person(given = "Wei",
                        family = "Jiang",
                        role = "aut"),
                 person(given = "Shuang",
                        family = "Song",
                        role = c("aut", "cre"),
                        email = "song-s19@mails.tsinghua.edu.cn"),
                 person(given = "Lin",
                        family = "Hou",
                        role = "aut"),
                 person(given = "Hongyu",
                        family = "Zhao",
                        role = "aut"))
  as necessary.
Flavors: r-devel-linux-x86_64-debian-clang, r-devel-linux-x86_64-debian-gcc
Version: 1.0.0
Check: LazyData
Result: NOTE
    'LazyData' is specified without a 'data' directory
Flavors: r-oldrel-macos-arm64, r-oldrel-macos-x86_64, r-oldrel-windows-x86_64