Last updated on 2025-10-31 13:50:47 CET.
| Flavor | Version | Tinstall | Tcheck | Ttotal | Status | Flags | 
|---|---|---|---|---|---|---|
| r-devel-linux-x86_64-debian-clang | 1.5.0 | 7.14 | 46.13 | 53.27 | NOTE | |
| r-devel-linux-x86_64-debian-gcc | 1.5.0 | 6.57 | 42.12 | 48.69 | NOTE | |
| r-devel-linux-x86_64-fedora-clang | 1.5.0 | 78.00 | 20.25 | 98.25 | NOTE | |
| r-devel-linux-x86_64-fedora-gcc | 1.5.0 | 18.00 | 60.57 | 78.57 | NOTE | |
| r-devel-windows-x86_64 | 1.5.0 | 9.00 | 61.00 | 70.00 | OK | |
| r-patched-linux-x86_64 | 1.5.0 | 7.99 | 38.93 | 46.92 | OK | |
| r-release-linux-x86_64 | 1.5.0 | 7.62 | 39.00 | 46.62 | OK | |
| r-release-macos-arm64 | 1.5.0 | 5.00 | 28.00 | 33.00 | OK | |
| r-release-macos-x86_64 | 1.5.0 | 9.00 | 38.00 | 47.00 | OK | |
| r-release-windows-x86_64 | 1.5.0 | 9.00 | 62.00 | 71.00 | OK | |
| r-oldrel-macos-arm64 | 1.5.0 | 6.00 | 25.00 | 31.00 | OK | |
| r-oldrel-macos-x86_64 | 1.5.0 | 7.00 | 35.00 | 42.00 | OK | |
| r-oldrel-windows-x86_64 | 1.5.0 | 8.00 | 60.00 | 68.00 | OK | 
Version: 1.5.0
Check: CRAN incoming feasibility
Result: NOTE
  Maintainer: ‘Brecht Devleesschauwer <brechtdv@gmail.com>’
  
  Package CITATION file contains call(s) to old-style citEntry().  Please
  use bibentry() instead.
  
  Found the following URLs which should use \doi (with the DOI name only):
    File ‘DALY-package.Rd’:
      http://dx.doi.org/10.1007/s00038-014-0552-z
    File ‘DALYcalculator.Rd’:
      http://dx.doi.org/10.1007/s00038-014-0552-z
    File ‘setStdLE.Rd’:
      http://dx.doi.org/10.1007/s00038-014-0552-z
Flavors: r-devel-linux-x86_64-debian-clang, r-devel-linux-x86_64-debian-gcc
Version: 1.5.0
Check: compiled code
Result: NOTE
  File ‘DALY/libs/DALY.so’:
    Found no calls to: ‘R_registerRoutines’, ‘R_useDynamicSymbols’
  
  It is good practice to register native routines and to disable symbol
  search.
  
  See ‘Writing portable packages’ in the ‘Writing R Extensions’ manual.
Flavors: r-devel-linux-x86_64-fedora-clang, r-devel-linux-x86_64-fedora-gcc