Last updated on 2025-10-31 13:50:47 CET.
| Flavor | Version | Tinstall | Tcheck | Ttotal | Status | Flags | 
|---|---|---|---|---|---|---|
| r-devel-linux-x86_64-debian-clang | 2.3 | 5.23 | 103.06 | 108.29 | NOTE | |
| r-devel-linux-x86_64-debian-gcc | 2.3 | 3.42 | 59.98 | 63.40 | NOTE | |
| r-devel-linux-x86_64-fedora-clang | 2.3 | 35.00 | 154.98 | 189.98 | OK | |
| r-devel-linux-x86_64-fedora-gcc | 2.3 | 13.00 | 148.90 | 161.90 | OK | |
| r-devel-windows-x86_64 | 2.3 | 6.00 | 98.00 | 104.00 | OK | |
| r-patched-linux-x86_64 | 2.3 | 5.43 | 96.47 | 101.90 | OK | |
| r-release-linux-x86_64 | 2.3 | 5.33 | 96.41 | 101.74 | OK | |
| r-release-macos-arm64 | 2.3 | 2.00 | 39.00 | 41.00 | OK | |
| r-release-macos-x86_64 | 2.3 | 4.00 | 94.00 | 98.00 | OK | |
| r-release-windows-x86_64 | 2.3 | 8.00 | 101.00 | 109.00 | OK | |
| r-oldrel-macos-arm64 | 2.3 | 2.00 | 38.00 | 40.00 | OK | |
| r-oldrel-macos-x86_64 | 2.3 | 3.00 | 68.00 | 71.00 | OK | |
| r-oldrel-windows-x86_64 | 2.3 | 8.00 | 134.00 | 142.00 | OK | 
Version: 2.3
Check: CRAN incoming feasibility
Result: NOTE
  Maintainer: ‘Rampal S. Etienne <r.s.etienne@rug.nl>’
  
  No Authors@R field in DESCRIPTION.
  Please add one, modifying
    Authors@R: c(person(given = c("Rampal", "S.", "Etienne", "&", "Alex", "L."),
                        family = "Pigot",
                        role = "aut"),
                 person(given = c("Rampal", "S."),
                        family = "Etienne",
                        role = "cre",
                        email = "r.s.etienne@rug.nl"))
  as necessary.
Flavors: r-devel-linux-x86_64-debian-clang, r-devel-linux-x86_64-debian-gcc