Last updated on 2024-05-28 12:56:13 CEST.
Flavor | Version | Tinstall | Tcheck | Ttotal | Status | Flags |
---|---|---|---|---|---|---|
r-devel-linux-x86_64-debian-clang | 2.0.5 | 21.47 | 43.55 | 65.02 | NOTE | |
r-devel-linux-x86_64-debian-gcc | 2.0.5 | 12.79 | 32.98 | 45.77 | NOTE | |
r-devel-linux-x86_64-fedora-clang | 2.0.5 | 91.39 | NOTE | |||
r-devel-linux-x86_64-fedora-gcc | 2.0.5 | 100.18 | NOTE | |||
r-devel-windows-x86_64 | 2.0.5 | 17.00 | 79.00 | 96.00 | NOTE | |
r-patched-linux-x86_64 | 2.0.5 | 20.21 | 41.94 | 62.15 | NOTE | |
r-release-linux-x86_64 | 2.0.5 | 17.89 | 41.79 | 59.68 | NOTE | |
r-release-macos-arm64 | 2.0.5 | 32.00 | NOTE | |||
r-release-windows-x86_64 | 2.0.5 | 20.00 | 80.00 | 100.00 | NOTE | |
r-oldrel-macos-arm64 | 2.0.5 | 33.00 | NOTE | |||
r-oldrel-macos-x86_64 | 2.0.5 | 50.00 | NOTE | |||
r-oldrel-windows-x86_64 | 2.0.5 | 20.00 | 90.00 | 110.00 | NOTE |
Version: 2.0.5
Check: package subdirectories
Result: NOTE
Problems with news in ‘NEWS.md’:
No news entries found.
Flavors: r-devel-linux-x86_64-debian-clang, r-devel-linux-x86_64-debian-gcc, r-devel-linux-x86_64-fedora-clang, r-devel-linux-x86_64-fedora-gcc, r-devel-windows-x86_64, r-patched-linux-x86_64, r-release-linux-x86_64, r-release-macos-arm64, r-release-windows-x86_64, r-oldrel-macos-arm64, r-oldrel-macos-x86_64, r-oldrel-windows-x86_64