Last updated on 2025-10-31 13:50:47 CET.
| Flavor | Version | Tinstall | Tcheck | Ttotal | Status | Flags | 
|---|---|---|---|---|---|---|
| r-devel-linux-x86_64-debian-clang | 1.0-0 | 2.65 | 32.88 | 35.53 | NOTE | |
| r-devel-linux-x86_64-debian-gcc | 1.0-0 | 2.37 | 23.79 | 26.16 | NOTE | |
| r-devel-linux-x86_64-fedora-clang | 1.0-0 | 18.00 | 38.09 | 56.09 | NOTE | |
| r-devel-linux-x86_64-fedora-gcc | 1.0-0 | 49.88 | NOTE | |||
| r-devel-windows-x86_64 | 1.0-0 | 4.00 | 50.00 | 54.00 | NOTE | |
| r-patched-linux-x86_64 | 1.0-0 | 4.21 | 30.43 | 34.64 | NOTE | |
| r-release-linux-x86_64 | 1.0-0 | 3.01 | 31.06 | 34.07 | NOTE | |
| r-release-macos-arm64 | 1.0-0 | 1.00 | 17.00 | 18.00 | NOTE | |
| r-release-macos-x86_64 | 1.0-0 | 3.00 | 29.00 | 32.00 | NOTE | |
| r-release-windows-x86_64 | 1.0-0 | 4.00 | 51.00 | 55.00 | NOTE | |
| r-oldrel-macos-arm64 | 1.0-0 | 2.00 | 17.00 | 19.00 | NOTE | |
| r-oldrel-macos-x86_64 | 1.0-0 | 3.00 | 25.00 | 28.00 | NOTE | |
| r-oldrel-windows-x86_64 | 1.0-0 | 5.00 | 51.00 | 56.00 | NOTE | 
Version: 1.0-0
Check: CRAN incoming feasibility
Result: NOTE
  Maintainer: ‘Tim Riffe <riffe@demogr.mpg.de>’
  
  No Authors@R field in DESCRIPTION.
  Please add one, modifying
    Authors@R: c(person(given = "Tim",
                        family = "Riffe",
                        role = c("aut", "cre"),
                        email = "riffe@demogr.mpg.de"),
                 person(given = "Everton",
                        family = "Lima",
                        role = "aut"),
                 person(given = "Bernardo",
                        family = "Queiroz",
                        role = "aut"))
  as necessary.
Flavors: r-devel-linux-x86_64-debian-clang, r-devel-linux-x86_64-debian-gcc
Version: 1.0-0
Check: Rd files
Result: NOTE
  checkRd: (-1) detectAgeInterval.Rd:10: Lost braces
      10 | \item{Dat}{a \code{data.frame} containing a column called \code{Age}, or code{age}.}
         |                                                                              ^
  checkRd: (-1) detectSex.Rd:10: Lost braces
      10 | \item{Dat}{a \code{data.frame} containing a column called \code{Sex}, or code{sex}.}
         |                                                                              ^
  checkRd: (-1) ggbgetAgesFit.Rd:28: Lost braces
      28 | code{\link{ggbChooseAges}}
         |     ^
Flavors: r-devel-linux-x86_64-debian-clang, r-devel-linux-x86_64-debian-gcc, r-devel-linux-x86_64-fedora-clang, r-devel-linux-x86_64-fedora-gcc, r-devel-windows-x86_64, r-patched-linux-x86_64, r-release-linux-x86_64, r-release-macos-arm64, r-release-macos-x86_64, r-release-windows-x86_64, r-oldrel-macos-arm64, r-oldrel-macos-x86_64, r-oldrel-windows-x86_64