Last updated on 2025-10-31 13:50:47 CET.
| Flavor | Version | Tinstall | Tcheck | Ttotal | Status | Flags | 
|---|---|---|---|---|---|---|
| r-devel-linux-x86_64-debian-clang | 1.3.0 | 4.18 | 42.89 | 47.07 | NOTE | |
| r-devel-linux-x86_64-debian-gcc | 1.3.0 | 3.36 | 30.52 | 33.88 | NOTE | |
| r-devel-linux-x86_64-fedora-clang | 1.3.0 | 19.00 | 55.19 | 74.19 | NOTE | |
| r-devel-linux-x86_64-fedora-gcc | 1.3.0 | 10.00 | 58.71 | 68.71 | NOTE | |
| r-devel-windows-x86_64 | 1.3.0 | 9.00 | 57.00 | 66.00 | NOTE | |
| r-patched-linux-x86_64 | 1.3.0 | 5.05 | 39.47 | 44.52 | NOTE | |
| r-release-linux-x86_64 | 1.3.0 | 3.67 | 39.64 | 43.31 | NOTE | |
| r-release-macos-arm64 | 1.3.0 | 4.00 | 20.00 | 24.00 | NOTE | |
| r-release-macos-x86_64 | 1.3.0 | 6.00 | 35.00 | 41.00 | NOTE | |
| r-release-windows-x86_64 | 1.3.0 | 8.00 | 58.00 | 66.00 | NOTE | |
| r-oldrel-macos-arm64 | 1.3.0 | 3.00 | 19.00 | 22.00 | NOTE | |
| r-oldrel-macos-x86_64 | 1.3.0 | 4.00 | 31.00 | 35.00 | NOTE | |
| r-oldrel-windows-x86_64 | 1.3.0 | 7.00 | 58.00 | 65.00 | NOTE | 
Version: 1.3.0
Check: CRAN incoming feasibility
Result: NOTE
  Maintainer: ‘Cenny Taslim <taslim.2@osu.edu>’
  
  No Authors@R field in DESCRIPTION.
  Please add one, modifying
    Authors@R: c(person(given = "Cenny",
                        family = "Taslim",
                        role = c("aut", "cre"),
                        email = "taslim.2@osu.edu"),
                 person(given = c("with", "contributions", "from", "Dustin"),
                        family = "Potter",
                        role = "aut"),
                 person(given = "Abbasali",
                        family = "Khalili",
                        role = "aut"),
                 person(given = "Shili",
                        family = "Lin.",
                        role = "aut",
                        email = "shili@stat.osu.edu"))
  as necessary.
Flavors: r-devel-linux-x86_64-debian-clang, r-devel-linux-x86_64-debian-gcc
Version: 1.3.0
Check: Rd files
Result: NOTE
  checkRd: (-1) DIME.Rd:272: Lost braces; missing escapes or markup?
     272 | \item{name}{the name of the model {"GNG", "iNUDGE","NUDGE"} where
         |                                   ^
Flavors: r-devel-linux-x86_64-debian-clang, r-devel-linux-x86_64-debian-gcc, r-devel-linux-x86_64-fedora-clang, r-devel-linux-x86_64-fedora-gcc, r-devel-windows-x86_64, r-patched-linux-x86_64, r-release-linux-x86_64, r-release-macos-arm64, r-release-macos-x86_64, r-release-windows-x86_64, r-oldrel-macos-arm64, r-oldrel-macos-x86_64, r-oldrel-windows-x86_64