CRAN Package Check Results for Package DNAtools

Last updated on 2025-11-27 13:48:34 CET.

Flavor Version Tinstall Tcheck Ttotal Status Flags
r-devel-linux-x86_64-debian-clang 0.2-4 42.02 75.44 117.46 NOTE
r-devel-linux-x86_64-debian-gcc 0.2-4 29.68 55.80 85.48 NOTE
r-devel-linux-x86_64-fedora-clang 0.2-4 208.00 5.65 213.65 NOTE
r-devel-linux-x86_64-fedora-gcc 0.2-4 100.00 103.05 203.05 NOTE
r-devel-windows-x86_64 0.2-4 55.00 105.00 160.00 NOTE
r-patched-linux-x86_64 0.2-4 41.26 70.53 111.79 NOTE
r-release-linux-x86_64 0.2-4 43.77 70.57 114.34 NOTE
r-release-macos-arm64 0.2-4 NOTE
r-release-macos-x86_64 0.2-4 21.00 91.00 112.00 NOTE
r-release-windows-x86_64 0.2-4 54.00 108.00 162.00 NOTE
r-oldrel-macos-arm64 0.2-4 NOTE
r-oldrel-macos-x86_64 0.2-4 10.00 48.00 58.00 NOTE
r-oldrel-windows-x86_64 0.2-4 61.00 135.00 196.00 NOTE

Check Details

Version: 0.2-4
Check: CRAN incoming feasibility
Result: NOTE Maintainer: ‘Mikkel Meyer Andersen <mikl@math.aau.dk>’ Package CITATION file contains call(s) to old-style personList() or as.personList(). Please use c() on person objects instead. Package CITATION file contains call(s) to old-style citEntry(). Please use bibentry() instead. Flavors: r-devel-linux-x86_64-debian-clang, r-devel-linux-x86_64-debian-gcc

Version: 0.2-4
Check: C++ specification
Result: NOTE Specified C++11: please drop specification unless essential Flavors: r-devel-linux-x86_64-debian-clang, r-devel-linux-x86_64-debian-gcc, r-devel-windows-x86_64, r-patched-linux-x86_64, r-release-linux-x86_64, r-release-macos-arm64, r-release-macos-x86_64, r-release-windows-x86_64, r-oldrel-macos-arm64, r-oldrel-macos-x86_64, r-oldrel-windows-x86_64

Version: 0.2-4
Check: C++ specification
Result: NOTE Specified C++11: support will be removed soon Flavors: r-devel-linux-x86_64-fedora-clang, r-devel-linux-x86_64-fedora-gcc

Version: 0.2-4
Check: for GNU extensions in Makefiles
Result: NOTE GNU make is a SystemRequirements. Flavors: r-oldrel-macos-arm64, r-oldrel-macos-x86_64, r-oldrel-windows-x86_64