Last updated on 2024-07-18 01:55:29 CEST.
Flavor | Version | Tinstall | Tcheck | Ttotal | Status | Flags |
---|---|---|---|---|---|---|
r-devel-linux-x86_64-debian-clang | 1.0.2.5 | 3.53 | 26.27 | 29.80 | OK | |
r-devel-linux-x86_64-debian-gcc | 1.0.2.5 | 2.36 | 20.48 | 22.84 | OK | |
r-devel-linux-x86_64-fedora-clang | 1.0.2.5 | 37.69 | NOTE | |||
r-devel-linux-x86_64-fedora-gcc | 1.0.2.5 | 35.22 | NOTE | |||
r-devel-windows-x86_64 | 1.0.2.5 | 3.00 | 40.00 | 43.00 | OK | |
r-patched-linux-x86_64 | 1.0.2.5 | 3.57 | 25.95 | 29.52 | OK | |
r-release-linux-x86_64 | 1.0.2.5 | 2.97 | 25.92 | 28.89 | OK | |
r-release-macos-arm64 | 1.0.2.5 | 16.00 | OK | |||
r-release-macos-x86_64 | 1.0.2.5 | 24.00 | OK | |||
r-release-windows-x86_64 | 1.0.2.5 | 4.00 | 39.00 | 43.00 | OK | |
r-oldrel-macos-arm64 | 1.0.2.5 | 18.00 | OK | |||
r-oldrel-macos-x86_64 | 1.0.2.5 | 22.00 | OK | |||
r-oldrel-windows-x86_64 | 1.0.2.5 | 6.00 | 40.00 | 46.00 | OK |
Version: 1.0.2.5
Check: data for non-ASCII characters
Result: NOTE
Note: found 1 marked Latin-1 string
Flavors: r-devel-linux-x86_64-fedora-clang, r-devel-linux-x86_64-fedora-gcc