Last updated on 2025-10-31 13:50:47 CET.
| Flavor | Version | Tinstall | Tcheck | Ttotal | Status | Flags | 
|---|---|---|---|---|---|---|
| r-devel-linux-x86_64-debian-clang | 0.3.0 | 5.29 | 52.72 | 58.01 | NOTE | |
| r-devel-linux-x86_64-debian-gcc | 0.3.0 | 5.22 | 40.58 | 45.80 | NOTE | |
| r-devel-linux-x86_64-fedora-clang | 0.3.0 | 14.00 | 76.66 | 90.66 | OK | |
| r-devel-linux-x86_64-fedora-gcc | 0.3.0 | 15.00 | 70.20 | 85.20 | OK | |
| r-devel-windows-x86_64 | 0.3.0 | 8.00 | 61.00 | 69.00 | OK | |
| r-patched-linux-x86_64 | 0.3.0 | 6.71 | 50.68 | 57.39 | OK | |
| r-release-linux-x86_64 | 0.3.0 | 6.20 | 50.71 | 56.91 | OK | |
| r-release-macos-arm64 | 0.3.0 | 3.00 | 27.00 | 30.00 | OK | |
| r-release-macos-x86_64 | 0.3.0 | 6.00 | 48.00 | 54.00 | OK | |
| r-release-windows-x86_64 | 0.3.0 | 8.00 | 62.00 | 70.00 | OK | |
| r-oldrel-macos-arm64 | 0.3.0 | 3.00 | 25.00 | 28.00 | NOTE | |
| r-oldrel-macos-x86_64 | 0.3.0 | 4.00 | 38.00 | 42.00 | NOTE | |
| r-oldrel-windows-x86_64 | 0.3.0 | 10.00 | 78.00 | 88.00 | NOTE | 
Version: 0.3.0
Check: CRAN incoming feasibility
Result: NOTE
  Maintainer: ‘Carlos P. Carmona <perezcarmonacarlos@gmail.com>’
  
  No Authors@R field in DESCRIPTION.
  Please add one, modifying
    Authors@R: c(person(given = c("Carlos", "P."),
                        family = "Carmona",
                        role = c("aut", "cre"),
                        email = "perezcarmonacarlos@gmail.com"),
                 person(given = "Meelis",
                        family = "Partel",
                        role = "aut"))
  as necessary.
Flavors: r-devel-linux-x86_64-debian-clang, r-devel-linux-x86_64-debian-gcc
Version: 0.3.0
Check: LazyData
Result: NOTE
    'LazyData' is specified without a 'data' directory
Flavors: r-oldrel-macos-arm64, r-oldrel-macos-x86_64, r-oldrel-windows-x86_64