Last updated on 2025-11-27 13:48:33 CET.
| Flavor | Version | Tinstall | Tcheck | Ttotal | Status | Flags |
|---|---|---|---|---|---|---|
| r-devel-linux-x86_64-debian-clang | 0.1.2 | 6.02 | 58.20 | 64.22 | NOTE | |
| r-devel-linux-x86_64-debian-gcc | 0.1.2 | 4.97 | 45.31 | 50.28 | NOTE | |
| r-devel-linux-x86_64-fedora-clang | 0.1.2 | 12.00 | 91.90 | 103.90 | OK | |
| r-devel-linux-x86_64-fedora-gcc | 0.1.2 | 11.00 | 87.63 | 98.63 | OK | |
| r-devel-windows-x86_64 | 0.1.2 | 9.00 | 74.00 | 83.00 | OK | |
| r-patched-linux-x86_64 | 0.1.2 | 6.20 | 57.19 | 63.39 | OK | |
| r-release-linux-x86_64 | 0.1.2 | 6.27 | 56.78 | 63.05 | OK | |
| r-release-macos-arm64 | 0.1.2 | OK | ||||
| r-release-macos-x86_64 | 0.1.2 | 5.00 | 47.00 | 52.00 | OK | |
| r-release-windows-x86_64 | 0.1.2 | 8.00 | 87.00 | 95.00 | OK | |
| r-oldrel-macos-arm64 | 0.1.2 | NOTE | ||||
| r-oldrel-macos-x86_64 | 0.1.2 | 4.00 | 39.00 | 43.00 | NOTE | |
| r-oldrel-windows-x86_64 | 0.1.2 | 6.00 | 82.00 | 88.00 | NOTE |
Version: 0.1.2
Check: CRAN incoming feasibility
Result: NOTE
Maintainer: ‘Matthias Bogaert <Matthias.Bogaert@UGent.Be>’
No Authors@R field in DESCRIPTION.
Please add one, modifying
Authors@R: person(given = "Matthias",
family = "Bogaert",
role = c("aut", "cre"),
email = "matthias.bogaert@ugent.be")
as necessary.
Flavors: r-devel-linux-x86_64-debian-clang, r-devel-linux-x86_64-debian-gcc
Version: 0.1.2
Check: LazyData
Result: NOTE
'LazyData' is specified without a 'data' directory
Flavors: r-oldrel-macos-arm64, r-oldrel-macos-x86_64, r-oldrel-windows-x86_64