Last updated on 2025-10-31 13:50:47 CET.
| Flavor | Version | Tinstall | Tcheck | Ttotal | Status | Flags | 
|---|---|---|---|---|---|---|
| r-devel-linux-x86_64-debian-clang | 0.2.0.3 | 3.07 | 24.32 | 27.39 | OK | |
| r-devel-linux-x86_64-debian-gcc | 0.2.0.3 | 2.04 | 18.46 | 20.50 | OK | |
| r-devel-linux-x86_64-fedora-clang | 0.2.0.3 | 40.68 | OK | |||
| r-devel-linux-x86_64-fedora-gcc | 0.2.0.3 | 38.01 | OK | |||
| r-devel-windows-x86_64 | 0.2.0.3 | 4.00 | 43.00 | 47.00 | OK | |
| r-patched-linux-x86_64 | 0.2.0.3 | 2.83 | 22.57 | 25.40 | OK | |
| r-release-linux-x86_64 | 0.2.0.3 | 2.61 | 22.70 | 25.31 | OK | |
| r-release-macos-arm64 | 0.2.0.3 | 2.00 | 15.00 | 17.00 | OK | |
| r-release-macos-x86_64 | 0.2.0.3 | 2.00 | 24.00 | 26.00 | OK | |
| r-release-windows-x86_64 | 0.2.0.3 | 4.00 | 45.00 | 49.00 | OK | |
| r-oldrel-macos-arm64 | 0.2.0.3 | 1.00 | 15.00 | 16.00 | NOTE | |
| r-oldrel-macos-x86_64 | 0.2.0.3 | 2.00 | 21.00 | 23.00 | NOTE | |
| r-oldrel-windows-x86_64 | 0.2.0.3 | 5.00 | 43.00 | 48.00 | NOTE | 
Version: 0.2.0.3
Check: LazyData
Result: NOTE
    'LazyData' is specified without a 'data' directory
Flavors: r-oldrel-macos-arm64, r-oldrel-macos-x86_64, r-oldrel-windows-x86_64