CRAN Package Check Results for Package DeltaMAN

Last updated on 2025-07-08 13:49:07 CEST.

Flavor Version Tinstall Tcheck Ttotal Status Flags
r-devel-linux-x86_64-debian-clang 0.5.0 3.44 24.68 28.12 OK
r-devel-linux-x86_64-debian-gcc 0.5.0 2.26 18.75 21.01 OK
r-devel-linux-x86_64-fedora-clang 0.5.0 44.32 NOTE
r-devel-linux-x86_64-fedora-gcc 0.5.0 41.19 NOTE
r-devel-windows-x86_64 0.5.0 5.00 42.00 47.00 OK
r-patched-linux-x86_64 0.5.0 3.16 22.73 25.89 OK
r-release-linux-x86_64 0.5.0 3.02 22.92 25.94 OK
r-release-macos-arm64 0.5.0 26.00 OK
r-release-macos-x86_64 0.5.0 29.00 OK
r-release-windows-x86_64 0.5.0 4.00 44.00 48.00 OK
r-oldrel-macos-arm64 0.5.0 18.00 OK
r-oldrel-macos-x86_64 0.5.0 25.00 OK
r-oldrel-windows-x86_64 0.5.0 6.00 51.00 57.00 OK

Check Details

Version: 0.5.0
Check: dependencies in R code
Result: NOTE Namespaces in Imports field not imported from: ‘knitr’ ‘shinyBS’ ‘shinyMatrix’ All declared Imports should be used. Flavors: r-devel-linux-x86_64-fedora-clang, r-devel-linux-x86_64-fedora-gcc