Last updated on 2024-07-18 01:55:29 CEST.
Flavor | Version | Tinstall | Tcheck | Ttotal | Status | Flags |
---|---|---|---|---|---|---|
r-devel-linux-x86_64-debian-clang | 0.1.10 | 6.15 | 36.54 | 42.69 | OK | |
r-devel-linux-x86_64-debian-gcc | 0.1.10 | 3.87 | 26.60 | 30.47 | OK | |
r-devel-linux-x86_64-fedora-clang | 0.1.10 | 53.37 | NOTE | |||
r-devel-linux-x86_64-fedora-gcc | 0.1.10 | 49.30 | OK | |||
r-devel-windows-x86_64 | 0.1.10 | 8.00 | 54.00 | 62.00 | OK | |
r-patched-linux-x86_64 | 0.1.10 | 3.40 | 34.97 | 38.37 | OK | |
r-release-linux-x86_64 | 0.1.10 | 3.20 | 34.59 | 37.79 | OK | |
r-release-macos-arm64 | 0.1.10 | 23.00 | OK | |||
r-release-macos-x86_64 | 0.1.10 | 49.00 | OK | |||
r-release-windows-x86_64 | 0.1.10 | 8.00 | 55.00 | 63.00 | OK | |
r-oldrel-macos-arm64 | 0.1.10 | 28.00 | OK | |||
r-oldrel-macos-x86_64 | 0.1.10 | 42.00 | OK | |||
r-oldrel-windows-x86_64 | 0.1.10 | 10.00 | 59.00 | 69.00 | OK |
Version: 0.1.10
Check: installed package size
Result: NOTE
installed size is 5.2Mb
sub-directories of 1Mb or more:
libs 4.9Mb
Flavor: r-devel-linux-x86_64-fedora-clang