Last updated on 2025-10-31 13:50:48 CET.
| Flavor | Version | Tinstall | Tcheck | Ttotal | Status | Flags | 
|---|---|---|---|---|---|---|
| r-devel-linux-x86_64-debian-clang | 1.0 | 19.26 | 53.36 | 72.62 | NOTE | |
| r-devel-linux-x86_64-debian-gcc | 1.0 | 11.19 | 42.50 | 53.69 | NOTE | |
| r-devel-linux-x86_64-fedora-clang | 1.0 | 47.00 | 73.33 | 120.33 | OK | |
| r-devel-linux-x86_64-fedora-gcc | 1.0 | 33.00 | 90.18 | 123.18 | OK | |
| r-devel-windows-x86_64 | 1.0 | 25.00 | 88.00 | 113.00 | OK | |
| r-patched-linux-x86_64 | 1.0 | 17.55 | 50.56 | 68.11 | OK | |
| r-release-linux-x86_64 | 1.0 | 17.38 | 50.61 | 67.99 | OK | |
| r-release-macos-arm64 | 1.0 | 8.00 | 51.00 | 59.00 | OK | |
| r-release-macos-x86_64 | 1.0 | 12.00 | 99.00 | 111.00 | OK | |
| r-release-windows-x86_64 | 1.0 | 25.00 | 90.00 | 115.00 | OK | |
| r-oldrel-macos-arm64 | 1.0 | 8.00 | 36.00 | 44.00 | OK | |
| r-oldrel-macos-x86_64 | 1.0 | 10.00 | 57.00 | 67.00 | OK | |
| r-oldrel-windows-x86_64 | 1.0 | 28.00 | 112.00 | 140.00 | OK | 
Version: 1.0
Check: CRAN incoming feasibility
Result: NOTE
  Maintainer: ‘Il-Youp Kwak <ilyoup.kwak@gmail.com>’
  
  No Authors@R field in DESCRIPTION.
  Please add one, modifying
    Authors@R: c(person(given = c("Il-Youp", "Kwak", "with", "contributions", "from", "Wuming"),
                        family = "Gong",
                        role = "aut"),
                 person(given = "Il-Youp",
                        family = "Kwak",
                        role = "cre",
                        email = "ilyoup.kwak@gmail.com"))
  as necessary.
Flavors: r-devel-linux-x86_64-debian-clang, r-devel-linux-x86_64-debian-gcc