CRAN Package Check Results for Package ECoL

Last updated on 2025-11-27 13:48:34 CET.

Flavor Version Tinstall Tcheck Ttotal Status Flags
r-devel-linux-x86_64-debian-clang 0.3.0 2.48 44.75 47.23 NOTE
r-devel-linux-x86_64-debian-gcc 0.3.0 1.92 30.97 32.89 NOTE
r-devel-linux-x86_64-fedora-clang 0.3.0 12.00 63.94 75.94 OK
r-devel-linux-x86_64-fedora-gcc 0.3.0 67.75 OK
r-devel-windows-x86_64 0.3.0 5.00 58.00 63.00 OK
r-patched-linux-x86_64 0.3.0 3.29 41.55 44.84 OK
r-release-linux-x86_64 0.3.0 2.74 41.40 44.14 OK
r-release-macos-arm64 0.3.0 OK
r-release-macos-x86_64 0.3.0 2.00 39.00 41.00 OK
r-release-windows-x86_64 0.3.0 4.00 57.00 61.00 OK
r-oldrel-macos-arm64 0.3.0 NOTE
r-oldrel-macos-x86_64 0.3.0 2.00 31.00 33.00 NOTE
r-oldrel-windows-x86_64 0.3.0 5.00 74.00 79.00 NOTE

Check Details

Version: 0.3.0
Check: CRAN incoming feasibility
Result: NOTE Maintainer: ‘Luis Garcia <lpfgarcia@icmc.usp.br>’ No Authors@R field in DESCRIPTION. Please add one, modifying Authors@R: c(person(given = "Luis", family = "Garcia", role = c("aut", "cre"), email = "lpfgarcia@icmc.usp.br"), person(given = "Ana", family = "Lorena", role = c("aut", "ctb"))) as necessary. Flavors: r-devel-linux-x86_64-debian-clang, r-devel-linux-x86_64-debian-gcc

Version: 0.3.0
Check: LazyData
Result: NOTE 'LazyData' is specified without a 'data' directory Flavors: r-oldrel-macos-arm64, r-oldrel-macos-x86_64, r-oldrel-windows-x86_64