Last updated on 2025-10-31 13:50:48 CET.
| Flavor | Version | Tinstall | Tcheck | Ttotal | Status | Flags | 
|---|---|---|---|---|---|---|
| r-devel-linux-x86_64-debian-clang | 0.7-5 | 8.26 | 63.17 | 71.43 | NOTE | |
| r-devel-linux-x86_64-debian-gcc | 0.7-5 | 5.80 | 46.38 | 52.18 | NOTE | |
| r-devel-linux-x86_64-fedora-clang | 0.7-5 | 16.00 | 90.79 | 106.79 | OK | |
| r-devel-linux-x86_64-fedora-gcc | 0.7-5 | 16.00 | 85.01 | 101.01 | OK | |
| r-devel-windows-x86_64 | 0.7-5 | 11.00 | 76.00 | 87.00 | OK | |
| r-patched-linux-x86_64 | 0.7-5 | 8.17 | 60.02 | 68.19 | OK | |
| r-release-linux-x86_64 | 0.7-5 | 7.29 | 59.61 | 66.90 | OK | |
| r-release-macos-arm64 | 0.7-5 | 6.00 | 31.00 | 37.00 | OK | |
| r-release-macos-x86_64 | 0.7-5 | 10.00 | 49.00 | 59.00 | OK | |
| r-release-windows-x86_64 | 0.7-5 | 14.00 | 79.00 | 93.00 | OK | |
| r-oldrel-macos-arm64 | 0.7-5 | 4.00 | 28.00 | 32.00 | OK | |
| r-oldrel-macos-x86_64 | 0.7-5 | 6.00 | 40.00 | 46.00 | OK | |
| r-oldrel-windows-x86_64 | 0.7-5 | 15.00 | 97.00 | 112.00 | OK | 
Version: 0.7-5
Check: CRAN incoming feasibility
Result: NOTE
  Maintainer: ‘Mai Zhou <mai@ms.uky.edu>’
  
  No Authors@R field in DESCRIPTION.
  Please add one, modifying
    Authors@R: person(given = "Mai",
                      family = "Zhou",
                      role = c("aut", "cre"),
                      email = "mai@ms.uky.edu")
  as necessary.
Flavors: r-devel-linux-x86_64-debian-clang, r-devel-linux-x86_64-debian-gcc