Last updated on 2025-10-31 13:50:48 CET.
| Flavor | Version | Tinstall | Tcheck | Ttotal | Status | Flags | 
|---|---|---|---|---|---|---|
| r-devel-linux-x86_64-debian-clang | 1.3.0 | 446.71 | 28.78 | 475.49 | NOTE | |
| r-devel-linux-x86_64-debian-gcc | 1.3.0 | 385.35 | 53.18 | 438.53 | NOTE | |
| r-devel-linux-x86_64-fedora-clang | 1.3.0 | 364.00 | 373.34 | 737.34 | OK | |
| r-devel-linux-x86_64-fedora-gcc | 1.3.0 | 514.00 | 551.03 | 1065.03 | OK | |
| r-devel-windows-x86_64 | 1.3.0 | 447.00 | 110.00 | 557.00 | OK | |
| r-patched-linux-x86_64 | 1.3.0 | 528.82 | 67.95 | 596.77 | OK | |
| r-release-linux-x86_64 | 1.3.0 | 535.59 | 68.93 | 604.52 | OK | |
| r-release-macos-arm64 | 1.3.0 | 184.00 | 17.00 | 201.00 | OK | |
| r-release-macos-x86_64 | 1.3.0 | 150.00 | 28.00 | 178.00 | OK | |
| r-release-windows-x86_64 | 1.3.0 | 447.00 | 112.00 | 559.00 | OK | |
| r-oldrel-macos-arm64 | 1.3.0 | 195.00 | 28.00 | 223.00 | NOTE | |
| r-oldrel-macos-x86_64 | 1.3.0 | 132.00 | 23.00 | 155.00 | NOTE | |
| r-oldrel-windows-x86_64 | 1.3.0 | 539.00 | 124.00 | 663.00 | OK | 
Version: 1.3.0
Check: CRAN incoming feasibility
Result: NOTE
  Maintainer: ‘Stéphane Laurent <laurent_step@outlook.fr>’
  
  No Authors@R field in DESCRIPTION.
  Please add one, modifying
    Authors@R: person(given = "Stéphane",
                      family = "Laurent",
                      role = c("aut", "cre"),
                      email = "laurent_step@outlook.fr")
  as necessary.
Flavors: r-devel-linux-x86_64-debian-clang, r-devel-linux-x86_64-debian-gcc
Version: 1.3.0
Check: installed package size
Result: NOTE
    installed size is 162.9Mb
    sub-directories of 1Mb or more:
      libs  162.8Mb
Flavors: r-oldrel-macos-arm64, r-oldrel-macos-x86_64