Last updated on 2025-11-15 01:50:24 CET.
| Flavor | Version | Tinstall | Tcheck | Ttotal | Status | Flags |
|---|---|---|---|---|---|---|
| r-devel-linux-x86_64-debian-clang | 1.7.1 | 713.84 | 282.65 | 996.49 | OK | |
| r-devel-linux-x86_64-debian-gcc | 1.7.1 | 655.14 | 249.98 | 905.12 | OK | |
| r-devel-linux-x86_64-fedora-clang | 1.7.1 | 5220.00 | -3526.02 | 1693.98 | OK | |
| r-devel-linux-x86_64-fedora-gcc | 1.7.1 | 2280.00 | -125.61 | 2154.39 | OK | |
| r-devel-windows-x86_64 | 1.7.1 | 816.00 | 461.00 | 1277.00 | OK | |
| r-patched-linux-x86_64 | 1.7.1 | 918.79 | 337.70 | 1256.49 | OK | |
| r-release-linux-x86_64 | 1.7.1 | 913.27 | 341.18 | 1254.45 | OK | |
| r-release-macos-arm64 | 1.7.1 | 300.00 | 105.00 | 405.00 | OK | |
| r-release-macos-x86_64 | 1.7.1 | 306.00 | 127.00 | 433.00 | OK | |
| r-release-windows-x86_64 | 1.7.1 | 794.00 | 359.00 | 1153.00 | OK | |
| r-oldrel-macos-arm64 | 1.7.1 | 247.00 | 77.00 | 324.00 | NOTE | |
| r-oldrel-macos-x86_64 | 1.7.1 | 267.00 | 181.00 | 448.00 | NOTE | |
| r-oldrel-windows-x86_64 | 1.7.1 | 930.00 | 496.00 | 1426.00 | NOTE |
Version: 1.7.1
Check: package dependencies
Result: NOTE
Package suggested but not available for checking: ‘cmdstanr’
Flavors: r-oldrel-macos-arm64, r-oldrel-macos-x86_64, r-oldrel-windows-x86_64
Version: 1.7.1
Check: installed package size
Result: NOTE
installed size is 147.3Mb
sub-directories of 1Mb or more:
doc 1.5Mb
libs 143.3Mb
Flavors: r-oldrel-macos-arm64, r-oldrel-macos-x86_64, r-oldrel-windows-x86_64
Version: 1.7.1
Check: Rd cross-references
Result: NOTE
Package unavailable to check Rd xrefs: ‘cmdstanr’
Flavors: r-oldrel-macos-arm64, r-oldrel-macos-x86_64, r-oldrel-windows-x86_64
Version: 1.7.1
Check: for GNU extensions in Makefiles
Result: NOTE
GNU make is a SystemRequirements.
Flavors: r-oldrel-macos-arm64, r-oldrel-macos-x86_64, r-oldrel-windows-x86_64