Last updated on 2024-07-18 01:55:30 CEST.
Flavor | Version | Tinstall | Tcheck | Ttotal | Status | Flags |
---|---|---|---|---|---|---|
r-devel-linux-x86_64-debian-clang | 1.2.2 | 21.64 | 125.30 | 146.94 | NOTE | |
r-devel-linux-x86_64-debian-gcc | 1.2.2 | 18.82 | 83.95 | 102.77 | NOTE | |
r-devel-linux-x86_64-fedora-clang | 1.2.2 | 180.83 | NOTE | |||
r-devel-linux-x86_64-fedora-gcc | 1.2.2 | 169.20 | NOTE | |||
r-devel-windows-x86_64 | 1.2.2 | 21.00 | 98.00 | 119.00 | NOTE | |
r-patched-linux-x86_64 | 1.2.2 | 23.78 | 115.21 | 138.99 | NOTE | |
r-release-linux-x86_64 | 1.2.2 | 19.42 | 120.26 | 139.68 | NOTE | |
r-release-macos-arm64 | 1.2.2 | 40.00 | NOTE | |||
r-release-macos-x86_64 | 1.2.2 | 127.00 | NOTE | |||
r-release-windows-x86_64 | 1.2.2 | 18.00 | 95.00 | 113.00 | NOTE | |
r-oldrel-macos-arm64 | 1.2.2 | 48.00 | OK | |||
r-oldrel-macos-x86_64 | 1.2.2 | 79.00 | OK | |||
r-oldrel-windows-x86_64 | 1.2.2 | 22.00 | 120.00 | 142.00 | OK |
Version: 1.2.2
Check: Rd files
Result: NOTE
checkRd: (-1) ccF.Rd:41: Lost braces
41 | CALI\'{N}SKI, T.; CORSTEN, L. C. A. Clustering
| ^
Flavors: r-devel-linux-x86_64-debian-clang, r-devel-linux-x86_64-debian-gcc, r-devel-linux-x86_64-fedora-clang, r-devel-linux-x86_64-fedora-gcc, r-devel-windows-x86_64, r-patched-linux-x86_64, r-release-linux-x86_64, r-release-macos-arm64, r-release-macos-x86_64, r-release-windows-x86_64