CRAN Package Check Results for Package FRESHD

Last updated on 2025-11-27 13:48:36 CET.

Flavor Version Tinstall Tcheck Ttotal Status Flags
r-devel-linux-x86_64-debian-clang 1.0 44.09 34.40 78.49 WARN
r-devel-linux-x86_64-debian-gcc 1.0 30.47 28.21 58.68 WARN
r-devel-linux-x86_64-fedora-clang 1.0 180.00 -40.71 139.29 NOTE
r-devel-linux-x86_64-fedora-gcc 1.0 103.00 32.33 135.33 NOTE
r-devel-windows-x86_64 1.0 53.00 73.00 126.00 NOTE
r-patched-linux-x86_64 1.0 49.02 35.30 84.32 NOTE
r-release-linux-x86_64 1.0 47.86 35.37 83.23 NOTE
r-release-macos-arm64 1.0 NOTE
r-release-macos-x86_64 1.0 33.00 34.00 67.00 NOTE
r-release-windows-x86_64 1.0 50.00 94.00 144.00 NOTE
r-oldrel-macos-arm64 1.0 NOTE
r-oldrel-macos-x86_64 1.0 27.00 30.00 57.00 NOTE
r-oldrel-windows-x86_64 1.0 59.00 90.00 149.00 NOTE

Check Details

Version: 1.0
Check: whether package can be installed
Result: WARN Found the following significant warnings: /home/hornik/tmp/R.check/r-devel-clang/Work/build/Packages/RcppArmadillo/include/RcppArmadillo/version/arma.h:66:17: warning: Using fallback compilation with Armadillo 14.6.3. Please consider defining -DARMA_USE_CURRENT and also removing C++11 compilation directive. See GitHub issue #475 for more. [-W#pragma-messages] See ‘/home/hornik/tmp/R.check/r-devel-clang/Work/PKGS/FRESHD.Rcheck/00install.out’ for details. * used C++ compiler: ‘Debian clang version 21.1.5 (1)’ Flavor: r-devel-linux-x86_64-debian-clang

Version: 1.0
Check: C++ specification
Result: NOTE Specified C++11: please drop specification unless essential Flavors: r-devel-linux-x86_64-debian-clang, r-devel-linux-x86_64-debian-gcc, r-devel-windows-x86_64, r-patched-linux-x86_64, r-release-linux-x86_64, r-release-macos-arm64, r-release-macos-x86_64, r-release-windows-x86_64, r-oldrel-macos-arm64, r-oldrel-macos-x86_64, r-oldrel-windows-x86_64

Version: 1.0
Check: Rd files
Result: NOTE checkRd: (-1) maximin.Rd:197: Lost braces 197 | Meinshausen, N and P. B{u}hlmann (2015). Maximin effects in inhomogeneous large-scale data. | ^ Flavors: r-devel-linux-x86_64-debian-clang, r-devel-linux-x86_64-debian-gcc, r-devel-linux-x86_64-fedora-clang, r-devel-linux-x86_64-fedora-gcc, r-devel-windows-x86_64, r-patched-linux-x86_64, r-release-linux-x86_64, r-release-macos-arm64, r-release-macos-x86_64, r-release-windows-x86_64, r-oldrel-macos-arm64, r-oldrel-macos-x86_64, r-oldrel-windows-x86_64

Version: 1.0
Check: whether package can be installed
Result: WARN Found the following significant warnings: /home/hornik/tmp/R.check/r-devel-gcc/Work/build/Packages/RcppArmadillo/include/RcppArmadillo/version/arma.h:66:199: note: ‘#pragma message: Using fallback compilation with Armadillo 14.6.3. Please consider defining -DARMA_USE_CURRENT and also removing C++11 compilation directive. See GitHub issue #475 for more.’ See ‘/home/hornik/tmp/R.check/r-devel-gcc/Work/PKGS/FRESHD.Rcheck/00install.out’ for details. * used C++ compiler: ‘g++-15 (Debian 15.2.0-7) 15.2.0’ Flavor: r-devel-linux-x86_64-debian-gcc

Version: 1.0
Check: C++ specification
Result: NOTE Specified C++11: support will be removed soon Flavors: r-devel-linux-x86_64-fedora-clang, r-devel-linux-x86_64-fedora-gcc

Version: 1.0
Check: installed package size
Result: NOTE installed size is 8.7Mb sub-directories of 1Mb or more: libs 8.6Mb Flavors: r-oldrel-macos-arm64, r-oldrel-macos-x86_64