CRAN Package Check Results for Package FarmTest

Last updated on 2025-11-28 00:49:52 CET.

Flavor Version Tinstall Tcheck Ttotal Status Flags
r-devel-linux-x86_64-debian-clang 2.2.0 30.27 33.81 64.08 WARN
r-devel-linux-x86_64-debian-gcc 2.2.0 23.88 29.68 53.56 WARN
r-devel-linux-x86_64-fedora-clang 2.2.0 105.00 16.93 121.93 NOTE
r-devel-linux-x86_64-fedora-gcc 2.2.0 60.00 71.95 131.95 NOTE
r-devel-windows-x86_64 2.2.0 42.00 75.00 117.00 NOTE
r-patched-linux-x86_64 2.2.0 35.13 32.05 67.18 NOTE
r-release-linux-x86_64 2.2.0 34.33 32.01 66.34 NOTE
r-release-macos-arm64 2.2.0 NOTE
r-release-macos-x86_64 2.2.0 22.00 33.00 55.00 NOTE
r-release-windows-x86_64 2.2.0 38.00 88.00 126.00 NOTE
r-oldrel-macos-arm64 2.2.0 NOTE
r-oldrel-macos-x86_64 2.2.0 24.00 29.00 53.00 NOTE
r-oldrel-windows-x86_64 2.2.0 44.00 88.00 132.00 NOTE

Check Details

Version: 2.2.0
Check: whether package can be installed
Result: WARN Found the following significant warnings: /home/hornik/tmp/R.check/r-devel-clang/Work/build/Packages/RcppArmadillo/include/RcppArmadillo/version/arma.h:66:17: warning: Using fallback compilation with Armadillo 14.6.3. Please consider defining -DARMA_USE_CURRENT and also removing C++11 compilation directive. See GitHub issue #475 for more. [-W#pragma-messages] See ‘/home/hornik/tmp/R.check/r-devel-clang/Work/PKGS/FarmTest.Rcheck/00install.out’ for details. * used C++ compiler: ‘Debian clang version 21.1.5 (1)’ Flavor: r-devel-linux-x86_64-debian-clang

Version: 2.2.0
Check: C++ specification
Result: NOTE Specified C++11: please drop specification unless essential Flavors: r-devel-linux-x86_64-debian-clang, r-devel-windows-x86_64, r-patched-linux-x86_64, r-release-linux-x86_64, r-release-macos-arm64, r-release-macos-x86_64, r-release-windows-x86_64, r-oldrel-macos-arm64, r-oldrel-macos-x86_64, r-oldrel-windows-x86_64

Version: 2.2.0
Check: whether package can be installed
Result: WARN Found the following significant warnings: /home/hornik/tmp/R.check/r-devel-gcc/Work/build/Packages/RcppArmadillo/include/RcppArmadillo/version/arma.h:66:199: note: ‘#pragma message: Using fallback compilation with Armadillo 14.6.3. Please consider defining -DARMA_USE_CURRENT and also removing C++11 compilation directive. See GitHub issue #475 for more.’ See ‘/home/hornik/tmp/R.check/r-devel-gcc/Work/PKGS/FarmTest.Rcheck/00install.out’ for details. * used C++ compiler: ‘g++-15 (Debian 15.2.0-7) 15.2.0’ Flavor: r-devel-linux-x86_64-debian-gcc

Version: 2.2.0
Check: C++ specification
Result: NOTE Specified C++11: support will be removed soon Flavors: r-devel-linux-x86_64-debian-gcc, r-devel-linux-x86_64-fedora-clang, r-devel-linux-x86_64-fedora-gcc