Last updated on 2025-10-31 13:50:49 CET.
| Flavor | Version | Tinstall | Tcheck | Ttotal | Status | Flags | 
|---|---|---|---|---|---|---|
| r-devel-linux-x86_64-debian-clang | 1.2 | 6.53 | 59.43 | 65.96 | OK | |
| r-devel-linux-x86_64-debian-gcc | 1.2 | 5.78 | 44.15 | 49.93 | OK | |
| r-devel-linux-x86_64-fedora-clang | 1.2 | 13.00 | 89.96 | 102.96 | OK | |
| r-devel-linux-x86_64-fedora-gcc | 1.2 | 22.00 | 79.08 | 101.08 | OK | |
| r-devel-windows-x86_64 | 1.2 | 8.00 | 68.00 | 76.00 | OK | |
| r-patched-linux-x86_64 | 1.2 | 6.60 | 56.80 | 63.40 | OK | |
| r-release-linux-x86_64 | 1.2 | 6.76 | 56.33 | 63.09 | OK | |
| r-release-macos-arm64 | 1.2 | 3.00 | 28.00 | 31.00 | OK | |
| r-release-macos-x86_64 | 1.2 | 6.00 | 50.00 | 56.00 | OK | |
| r-release-windows-x86_64 | 1.2 | 10.00 | 70.00 | 80.00 | OK | |
| r-oldrel-macos-arm64 | 1.2 | 4.00 | 35.00 | 39.00 | NOTE | |
| r-oldrel-macos-x86_64 | 1.2 | 5.00 | 60.00 | 65.00 | NOTE | |
| r-oldrel-windows-x86_64 | 1.2 | 10.00 | 86.00 | 96.00 | NOTE | 
Version: 1.2
Check: package dependencies
Result: NOTE
  Package suggested but not available for checking: ‘coxKM’
Flavors: r-oldrel-macos-arm64, r-oldrel-macos-x86_64, r-oldrel-windows-x86_64