Last updated on 2025-10-31 13:50:49 CET.
| Flavor | Version | Tinstall | Tcheck | Ttotal | Status | Flags | 
|---|---|---|---|---|---|---|
| r-devel-linux-x86_64-debian-clang | 1.2-3 | 10.50 | 24.71 | 35.21 | OK | |
| r-devel-linux-x86_64-debian-gcc | 1.2-3 | 7.17 | 19.77 | 26.94 | OK | |
| r-devel-linux-x86_64-fedora-clang | 1.2-3 | 56.00 | 4.53 | 60.53 | NOTE | |
| r-devel-linux-x86_64-fedora-gcc | 1.2-3 | 31.00 | 22.30 | 53.30 | NOTE | |
| r-devel-windows-x86_64 | 1.2-3 | 14.00 | 42.00 | 56.00 | OK | |
| r-patched-linux-x86_64 | 1.2-3 | 8.47 | 23.50 | 31.97 | NOTE | |
| r-release-linux-x86_64 | 1.2-3 | 8.27 | 23.54 | 31.81 | NOTE | |
| r-release-macos-arm64 | 1.2-3 | 15.00 | 16.00 | 31.00 | NOTE | |
| r-release-macos-x86_64 | 1.2-3 | 33.00 | 39.00 | 72.00 | NOTE | |
| r-release-windows-x86_64 | 1.2-3 | 25.00 | 43.00 | 68.00 | OK | |
| r-oldrel-macos-arm64 | 1.2-3 | 16.00 | 20.00 | 36.00 | NOTE | |
| r-oldrel-macos-x86_64 | 1.2-3 | 31.00 | 31.00 | 62.00 | NOTE | |
| r-oldrel-windows-x86_64 | 1.2-3 | 21.00 | 48.00 | 69.00 | NOTE | 
Version: 1.2-3
Check: compiled code
Result: NOTE
  Note: information on .o files is not available
  File ‘FastRWeb/libs/null.so’:
    Found no calls to: ‘R_registerRoutines’, ‘R_useDynamicSymbols’
  
  It is good practice to register native routines and to disable symbol
  search.
  
  See ‘Writing portable packages’ in the ‘Writing R Extensions’ manual.
Flavors: r-devel-linux-x86_64-fedora-clang, r-devel-linux-x86_64-fedora-gcc
Version: 1.2-3
Check: compiled code
Result: NOTE
  Note: information on .o files is not available
Flavors: r-patched-linux-x86_64, r-release-linux-x86_64, r-release-macos-arm64, r-release-macos-x86_64, r-oldrel-macos-arm64, r-oldrel-macos-x86_64
Version: 1.2-3
Check: installed package size
Result: NOTE
    installed size is  5.3Mb
    sub-directories of 1Mb or more:
      Rcgi      2.6Mb
      cgi-bin   2.5Mb
Flavor: r-oldrel-windows-x86_64