Last updated on 2025-11-28 00:49:52 CET.
| Flavor | Version | Tinstall | Tcheck | Ttotal | Status | Flags |
|---|---|---|---|---|---|---|
| r-devel-linux-x86_64-debian-clang | 1.1.4 | 16.80 | 186.01 | 202.81 | OK | |
| r-devel-linux-x86_64-debian-gcc | 1.1.4 | 12.46 | 131.65 | 144.11 | OK | |
| r-devel-linux-x86_64-fedora-clang | 1.1.4 | 40.00 | 275.73 | 315.73 | OK | |
| r-devel-linux-x86_64-fedora-gcc | 1.1.4 | 98.00 | 231.77 | 329.77 | OK | |
| r-devel-windows-x86_64 | 1.1.4 | 20.00 | 186.00 | 206.00 | OK | |
| r-patched-linux-x86_64 | 1.1.4 | 14.75 | 173.15 | 187.90 | OK | |
| r-release-linux-x86_64 | 1.1.4 | 16.62 | 174.65 | 191.27 | OK | |
| r-release-macos-arm64 | 1.1.4 | OK | ||||
| r-release-macos-x86_64 | 1.1.4 | 16.00 | 149.00 | 165.00 | OK | |
| r-release-windows-x86_64 | 1.1.4 | 17.00 | 152.00 | 169.00 | OK | |
| r-oldrel-macos-arm64 | 1.1.4 | OK | ||||
| r-oldrel-macos-x86_64 | 1.1.4 | 14.00 | 148.00 | 162.00 | OK | |
| r-oldrel-windows-x86_64 | 1.1.4 | 24.00 | 194.00 | 218.00 | ERROR |
Version: 1.1.4
Check: tests
Result: ERROR
Running 'testthat.R' [14s]
Running the tests in 'tests/testthat.R' failed.
Complete output:
> # This file is part of the standard setup for testthat.
> # It is recommended that you do not modify it.
> #
> # Where should you do additional test configuration?
> # Learn more about the roles of various files in:
> # * https://r-pkgs.org/testing-design.html#sec-tests-files-overview
> # * https://testthat.r-lib.org/articles/special-files.html
>
> library(testthat)
> library(FastRet)
>
> test_check("FastRet")
Starting 2 test processes.
> test-train_frm-lasso.R:
Error:
! testthat subprocess exited in file 'test-train_frm-lasso.R'.
Caused by error:
! R session crashed with exit code -1073741819
Backtrace:
▆
1. └─testthat::test_check("FastRet")
2. └─testthat::test_dir(...)
3. └─testthat:::test_files(...)
4. └─testthat:::test_files_parallel(...)
5. ├─withr::with_dir(...)
6. │ └─base::force(code)
7. ├─testthat::with_reporter(...)
8. │ └─base::tryCatch(...)
9. │ └─base (local) tryCatchList(expr, classes, parentenv, handlers)
10. │ └─base (local) tryCatchOne(expr, names, parentenv, handlers[[1L]])
11. │ └─base (local) doTryCatch(return(expr), name, parentenv, handler)
12. └─testthat:::parallel_event_loop_chunky(queue, reporters, ".")
13. └─queue$poll(Inf)
14. └─base::lapply(...)
15. └─testthat (local) FUN(X[[i]], ...)
16. └─private$handle_error(msg, i)
17. └─cli::cli_abort(...)
18. └─rlang::abort(...)
Execution halted
Flavor: r-oldrel-windows-x86_64