Last updated on 2025-10-31 13:50:49 CET.
| Flavor | Version | Tinstall | Tcheck | Ttotal | Status | Flags | 
|---|---|---|---|---|---|---|
| r-devel-linux-x86_64-debian-clang | 1.0.1 | 24.14 | 31.51 | 55.65 | OK | |
| r-devel-linux-x86_64-debian-gcc | 1.0.1 | 19.10 | 23.42 | 42.52 | OK | |
| r-devel-linux-x86_64-fedora-clang | 1.0.1 | 46.00 | 44.16 | 90.16 | OK | |
| r-devel-linux-x86_64-fedora-gcc | 1.0.1 | 68.00 | 21.77 | 89.77 | OK | |
| r-devel-windows-x86_64 | 1.0.1 | 30.00 | 68.00 | 98.00 | OK | |
| r-patched-linux-x86_64 | 1.0.1 | 25.66 | 29.07 | 54.73 | OK | |
| r-release-linux-x86_64 | 1.0.1 | 26.06 | 30.20 | 56.26 | OK | |
| r-release-macos-arm64 | 1.0.1 | 13.00 | 19.00 | 32.00 | OK | |
| r-release-macos-x86_64 | 1.0.1 | 28.00 | 30.00 | 58.00 | OK | |
| r-release-windows-x86_64 | 1.0.1 | 31.00 | 73.00 | 104.00 | OK | |
| r-oldrel-macos-arm64 | 1.0.1 | 14.00 | 18.00 | 32.00 | NOTE | |
| r-oldrel-macos-x86_64 | 1.0.1 | 25.00 | 27.00 | 52.00 | NOTE | |
| r-oldrel-windows-x86_64 | 1.0.1 | 33.00 | 84.00 | 117.00 | OK | 
Version: 1.0.1
Check: installed package size
Result: NOTE
    installed size is  5.2Mb
    sub-directories of 1Mb or more:
      data   2.6Mb
      libs   2.5Mb
Flavors: r-oldrel-macos-arm64, r-oldrel-macos-x86_64