Last updated on 2025-10-31 13:50:49 CET.
| Flavor | Version | Tinstall | Tcheck | Ttotal | Status | Flags | 
|---|---|---|---|---|---|---|
| r-devel-linux-x86_64-debian-clang | 0.1.2 | 2.13 | 20.66 | 22.79 | NOTE | |
| r-devel-linux-x86_64-debian-gcc | 0.1.2 | 1.53 | 16.31 | 17.84 | NOTE | |
| r-devel-linux-x86_64-fedora-clang | 0.1.2 | 33.09 | OK | |||
| r-devel-linux-x86_64-fedora-gcc | 0.1.2 | 32.08 | OK | |||
| r-devel-windows-x86_64 | 0.1.2 | 4.00 | 38.00 | 42.00 | OK | |
| r-patched-linux-x86_64 | 0.1.2 | 2.09 | 19.38 | 21.47 | OK | |
| r-release-linux-x86_64 | 0.1.2 | 1.99 | 19.57 | 21.56 | OK | |
| r-release-macos-arm64 | 0.1.2 | 1.00 | 13.00 | 14.00 | OK | |
| r-release-macos-x86_64 | 0.1.2 | 2.00 | 21.00 | 23.00 | OK | |
| r-release-windows-x86_64 | 0.1.2 | 4.00 | 39.00 | 43.00 | OK | |
| r-oldrel-macos-arm64 | 0.1.2 | 1.00 | 14.00 | 15.00 | NOTE | |
| r-oldrel-macos-x86_64 | 0.1.2 | 2.00 | 19.00 | 21.00 | NOTE | |
| r-oldrel-windows-x86_64 | 0.1.2 | 4.00 | 39.00 | 43.00 | NOTE | 
Version: 0.1.2
Check: CRAN incoming feasibility
Result: NOTE
  Maintainer: ‘Xuanhua(Peter) Yin <peteryin.sju@hotmail.com>’
  
  No Authors@R field in DESCRIPTION.
  Please add one, modifying
    Authors@R: c(person(given = "Xuanhua",
                        family = "Yin",
                        role = "aut",
                        email = "peteryin.sju@hotmail.com",
                        comment = "Peter"),
                 person(given = "Xuanhua",
                        family = "Yin",
                        role = "cre",
                        email = "peteryin.sju@hotmail.com",
                        comment = "Peter"))
  as necessary.
Flavors: r-devel-linux-x86_64-debian-clang, r-devel-linux-x86_64-debian-gcc
Version: 0.1.2
Check: LazyData
Result: NOTE
    'LazyData' is specified without a 'data' directory
Flavors: r-oldrel-macos-arm64, r-oldrel-macos-x86_64, r-oldrel-windows-x86_64