Last updated on 2025-10-31 13:50:50 CET.
| Flavor | Version | Tinstall | Tcheck | Ttotal | Status | Flags | 
|---|---|---|---|---|---|---|
| r-devel-linux-x86_64-debian-clang | 0.6.2 | 137.67 | 36.03 | 173.70 | NOTE | |
| r-devel-linux-x86_64-debian-gcc | 0.6.2 | 115.03 | 40.76 | 155.79 | NOTE | |
| r-devel-linux-x86_64-fedora-clang | 0.6.2 | 120.00 | 155.93 | 275.93 | OK | |
| r-devel-linux-x86_64-fedora-gcc | 0.6.2 | 127.00 | 213.17 | 340.17 | OK | |
| r-devel-windows-x86_64 | 0.6.2 | 137.00 | 91.00 | 228.00 | OK | |
| r-patched-linux-x86_64 | 0.6.2 | 159.23 | 52.30 | 211.53 | OK | |
| r-release-linux-x86_64 | 0.6.2 | 160.98 | 53.04 | 214.02 | OK | |
| r-release-macos-arm64 | 0.6.2 | 60.00 | 20.00 | 80.00 | OK | |
| r-release-macos-x86_64 | 0.6.2 | 53.00 | 36.00 | 89.00 | OK | |
| r-release-windows-x86_64 | 0.6.2 | 144.00 | 93.00 | 237.00 | OK | |
| r-oldrel-macos-arm64 | 0.6.2 | 61.00 | 23.00 | 84.00 | NOTE | |
| r-oldrel-macos-x86_64 | 0.6.2 | 47.00 | 29.00 | 76.00 | NOTE | |
| r-oldrel-windows-x86_64 | 0.6.2 | 161.00 | 109.00 | 270.00 | OK | 
Version: 0.6.2
Check: CRAN incoming feasibility
Result: NOTE
  Maintainer: ‘Bin Wang <eatingbeen@hotmail.com>’
  
  The Description field contains
    and Jianhua Guo (2022) <arXiv:1911.00658>.  This paper provides the
  Please refer to arXiv e-prints via their arXiv DOI <doi:10.48550/arXiv.YYMM.NNNNN>.
Flavors: r-devel-linux-x86_64-debian-clang, r-devel-linux-x86_64-debian-gcc
Version: 0.6.2
Check: installed package size
Result: NOTE
    installed size is 55.0Mb
    sub-directories of 1Mb or more:
      libs  54.8Mb
Flavors: r-oldrel-macos-arm64, r-oldrel-macos-x86_64