CRAN Package Check Results for Package GAS

Last updated on 2025-07-08 13:49:09 CEST.

Flavor Version Tinstall Tcheck Ttotal Status Flags
r-devel-linux-x86_64-debian-clang 0.3.4.1 291.02 72.70 363.72 NOTE
r-devel-linux-x86_64-debian-gcc 0.3.4.1 190.45 50.20 240.65 NOTE
r-devel-linux-x86_64-fedora-clang 0.3.4.1 764.87 OK
r-devel-linux-x86_64-fedora-gcc 0.3.4.1 573.52 OK
r-devel-windows-x86_64 0.3.4.1 315.00 131.00 446.00 NOTE
r-patched-linux-x86_64 0.3.4.1 275.73 67.89 343.62 NOTE
r-release-linux-x86_64 0.3.4.1 271.98 67.27 339.25 NOTE
r-release-macos-arm64 0.3.4.1 129.00 OK
r-release-macos-x86_64 0.3.4.1 155.00 OK
r-release-windows-x86_64 0.3.4.1 323.00 111.00 434.00 NOTE
r-oldrel-macos-arm64 0.3.4.1 123.00 NOTE
r-oldrel-macos-x86_64 0.3.4.1 196.00 NOTE
r-oldrel-windows-x86_64 0.3.4.1 382.00 139.00 521.00 OK

Check Details

Version: 0.3.4.1
Check: Rd cross-references
Result: NOTE Found the following Rd file(s) with Rd \link{} targets missing package anchors: Goals.Rd: zoo MultiGASFit.Rd: hessian UniGASFit.Rd: hessian cpichg.Rd: xts fn.solnp.Rd: solnp sp500ret.Rd: xts sp500rv.Rd: xts usunp.Rd: xts Please provide package anchors for all Rd \link{} targets not in the package itself and the base packages. Flavors: r-devel-linux-x86_64-debian-clang, r-devel-linux-x86_64-debian-gcc, r-devel-windows-x86_64, r-patched-linux-x86_64, r-release-linux-x86_64, r-release-windows-x86_64

Version: 0.3.4.1
Check: installed package size
Result: NOTE installed size is 11.8Mb sub-directories of 1Mb or more: data 1.4Mb libs 9.7Mb Flavors: r-oldrel-macos-arm64, r-oldrel-macos-x86_64